{"id":52,"date":"2025-11-14T18:04:45","date_gmt":"2025-11-14T17:04:45","guid":{"rendered":"https:\/\/test.groupechampagnat.fr\/ecole-ste-therese\/projet-de-letablissement\/"},"modified":"2026-01-13T11:15:15","modified_gmt":"2026-01-13T10:15:15","slug":"projet-de-letablissement","status":"publish","type":"page","link":"https:\/\/www.groupechampagnat.fr\/ecole-ste-therese\/etablissement\/projet-de-letablissement\/","title":{"rendered":"Projet de l\u2019\u00e9tablissement"},"content":{"rendered":"\n<p>Les trois valeurs du projet \u00e9ducatif du groupe scolaire (Bienveillance, Solidarit\u00e9 et Travail) sont d\u00e9clin\u00e9es dans le projet d\u2019\u00e9tablissement de l\u2019Ecole Sainte-Th\u00e9r\u00e8se.<\/p>\n\n\n\n<h3 class=\"wp-block-heading\">BIENVEILLANCE<\/h3>\n\n\n\n<div class=\"wp-block-columns bloc is-layout-flex wp-container-core-columns-is-layout-9d6595d7 wp-block-columns-is-layout-flex\">\n<div class=\"wp-block-column is-layout-flow wp-block-column-is-layout-flow\" style=\"flex-basis:25%\">\n<ul class=\"wp-block-list\">\n<li>Cadre exigeant et rassurant<\/li>\n\n\n\n<li>Foi et Respect des autres pour grandir<\/li>\n\n\n\n<li>Droit \u00e0 l\u2019erreur<\/li>\n\n\n\n<li>Echange \/ \u00e9coute<\/li>\n\n\n\n<li>Accompagnement \/ encouragement<\/li>\n<\/ul>\n<\/div>\n\n\n\n<div class=\"wp-block-column is-layout-flow wp-block-column-is-layout-flow\" style=\"flex-basis:75%\">\n<p>Vivre une culture chr\u00e9tienne \u00e0 travers les valeurs de solidarit\u00e9, bienveillance et travail.<br>Mettre les r\u00e8gles de bien vivre ensemble au centre de nos projets.<br>Vivre la citoyennet\u00e9.<br>Favoriser la collaboration avec tous les membres de la communaut\u00e9 \u00e9ducative.<br>\u00catre disponible et favoriser les \u00e9changes.<br>Respecter le rythme de chacun.<br>Apprendre \u00e0 donner du sens \u00e0 son parcours scolaire.<br>Favoriser la coop\u00e9ration.<br>Prendre du plaisir \u00e0 venir \u00e0 l\u2019\u00e9cole<\/p>\n<\/div>\n<\/div>\n\n\n\n<h3 class=\"wp-block-heading\">SOLIDARITE<\/h3>\n\n\n\n<div class=\"wp-block-columns bloc is-layout-flex wp-container-core-columns-is-layout-9d6595d7 wp-block-columns-is-layout-flex\">\n<div class=\"wp-block-column is-layout-flow wp-block-column-is-layout-flow\" style=\"flex-basis:25%\">\n<ul class=\"wp-block-list\">\n<li>Entraide<\/li>\n\n\n\n<li>Soutien<\/li>\n\n\n\n<li>Respect des diff\u00e9rences<\/li>\n\n\n\n<li>Coop\u00e9ration<\/li>\n\n\n\n<li>Embellissement de l\u2019\u00e9cole<\/li>\n<\/ul>\n<\/div>\n\n\n\n<div class=\"wp-block-column is-layout-flow wp-block-column-is-layout-flow\" style=\"flex-basis:75%\">\n<p>Soutenir des projets<br>Accueillir toutes les diff\u00e9rences.<br>R\u00e9fl\u00e9chir ensemble \u00e0 l\u2019environnement.<br>Aller d\u00e9couvrir le merveilleux aux portes de l\u2019\u00e9cole : notre jardin.<br>Vivre le tutorat.<\/p>\n<\/div>\n<\/div>\n\n\n\n<h3 class=\"wp-block-heading\">TRAVAIL<\/h3>\n\n\n\n<div class=\"wp-block-columns bloc is-layout-flex wp-container-core-columns-is-layout-9d6595d7 wp-block-columns-is-layout-flex\">\n<div class=\"wp-block-column is-layout-flow wp-block-column-is-layout-flow\" style=\"flex-basis:25%\">\n<ul class=\"wp-block-list\">\n<li>Apprentissage<\/li>\n\n\n\n<li>Diff\u00e9renciation<\/li>\n\n\n\n<li>Valorisation fiert\u00e9 du travail bien fait<\/li>\n<\/ul>\n<\/div>\n\n\n\n<div class=\"wp-block-column is-layout-flow wp-block-column-is-layout-flow\" style=\"flex-basis:75%\">\n<p>Comprendre l\u2019objectif des apprentissages pour s\u2019engager.<br>Mettre en avant ses points forts pour en devenir expert.<br>S\u2019approprier un panel d\u2019outils (pidapi, pistes, ateliers autonomes\u2026) pour progresser \u00e0 son rythme, surmonter une difficult\u00e9 et achever son travail.<br>Communiquer en langue \u00e9trang\u00e8re.<br>Travailler en projet.<br>Apprendre \u00e0 travailler avec application pour obtenir un travail de qualit\u00e9 qui am\u00e9liore l\u2019estime et la confiance en soi.<br>Confronter ses id\u00e9es et \u00e9changer ses points de vue.<br>Int\u00e9grer le num\u00e9rique dans les apprentissages.<\/p>\n<\/div>\n<\/div>\n\n\n\n<div class=\"wp-block-group chapitre is-layout-constrained wp-block-group-is-layout-constrained\">\n<h3 class=\"wp-block-heading\">Pour les familles<\/h3>\n\n\n\n<ul class=\"wp-block-list\">\n<li>Un projet p\u00e9dagogique pour permettre \u00e0 son enfant de mieux vivre l\u2019entr\u00e9e dans ses apprentissages.<\/li>\n\n\n\n<li>Un projet \u00e9ducatif pour s\u2019ouvrir \u00e0 l\u2019Autre, pour apprendre \u00e0 se respecter, s\u2019\u00e9couter, partager, \u00e9changer des points de vue diff\u00e9rents, participer activement en tant que premier \u00e9ducateur de son enfant \u00e0 la vie de l\u2019\u00e9cole.<\/li>\n\n\n\n<li>Un projet pastoral pour d\u00e9couvrir une religion, laisser libre son enfant de faire des choix, vivre sa foi, \u00eatre solidaire mais aussi apprendre \u00e0 se conna\u00eetre, \u00e0 d\u00e9couvrir son int\u00e9riorit\u00e9, \u00e0 apprendre \u00e0 prendre le temps.<\/li>\n<\/ul>\n<\/div>\n","protected":false},"excerpt":{"rendered":"<p>Les trois valeurs du projet \u00e9ducatif du groupe scolaire (Bienveillance, Solidarit\u00e9 et Travail) sont d\u00e9clin\u00e9es dans le projet d\u2019\u00e9tablissement de l\u2019Ecole Sainte-Th\u00e9r\u00e8se. BIENVEILLANCE Vivre une culture chr\u00e9tienne \u00e0 travers les valeurs de solidarit\u00e9, bienveillance et travail.Mettre les r\u00e8gles de bien vivre ensemble au centre de nos projets.Vivre la citoyennet\u00e9.Favoriser la collaboration avec tous les membres [&hellip;]<\/p>\n","protected":false},"author":1,"featured_media":13,"parent":50,"menu_order":0,"comment_status":"closed","ping_status":"closed","template":"","meta":{"footnotes":""},"class_list":["post-52","page","type-page","status-publish","has-post-thumbnail","hentry"],"yoast_head":"<!-- This site is optimized with the Yoast SEO plugin v27.4 - https:\/\/yoast.com\/product\/yoast-seo-wordpress\/ -->\n<title>Projet de l\u2019\u00e9tablissement - \u00c9cole Ste Th\u00e9r\u00e8se<\/title>\n<meta name=\"description\" content=\"Projet \u00e9ducatif de l&#039;\u00e9cole Sainte Th\u00e9r\u00e8se \u00e0 L&#039;Arbresle : bienveillance, solidarit\u00e9 et travail pour l&#039;\u00e9panouissement de chaque enfant.\" \/>\n<meta name=\"robots\" content=\"index, follow, max-snippet:-1, max-image-preview:large, max-video-preview:-1\" \/>\n<link rel=\"canonical\" href=\"https:\/\/www.groupechampagnat.fr\/ecole-ste-therese\/etablissement\/projet-de-letablissement\/\" \/>\n<meta property=\"og:locale\" content=\"fr_FR\" \/>\n<meta property=\"og:type\" content=\"article\" \/>\n<meta property=\"og:title\" content=\"Projet de l\u2019\u00e9tablissement - \u00c9cole Ste Th\u00e9r\u00e8se\" \/>\n<meta property=\"og:description\" content=\"Projet \u00e9ducatif de l&#039;\u00e9cole Sainte Th\u00e9r\u00e8se \u00e0 L&#039;Arbresle : bienveillance, solidarit\u00e9 et travail pour l&#039;\u00e9panouissement de chaque enfant.\" \/>\n<meta property=\"og:url\" content=\"https:\/\/www.groupechampagnat.fr\/ecole-ste-therese\/etablissement\/projet-de-letablissement\/\" \/>\n<meta property=\"og:site_name\" content=\"\u00c9cole Ste Th\u00e9r\u00e8se\" \/>\n<meta property=\"article:modified_time\" content=\"2026-01-13T10:15:15+00:00\" \/>\n<meta property=\"og:image\" content=\"https:\/\/www.groupechampagnat.fr\/wp-sites\/uploads\/sites\/3\/2025\/09\/top_stetherese.webp\" \/>\n\t<meta property=\"og:image:width\" content=\"1200\" \/>\n\t<meta property=\"og:image:height\" content=\"450\" \/>\n\t<meta property=\"og:image:type\" content=\"image\/webp\" \/>\n<meta name=\"twitter:card\" content=\"summary_large_image\" \/>\n<meta name=\"twitter:label1\" content=\"Dur\u00e9e de lecture estim\u00e9e\" \/>\n\t<meta name=\"twitter:data1\" content=\"2 minutes\" \/>\n<script type=\"application\/ld+json\" class=\"yoast-schema-graph\">{\"@context\":\"https:\\\/\\\/schema.org\",\"@graph\":[{\"@type\":\"WebPage\",\"@id\":\"https:\\\/\\\/www.groupechampagnat.fr\\\/ecole-ste-therese\\\/etablissement\\\/projet-de-letablissement\\\/\",\"url\":\"https:\\\/\\\/www.groupechampagnat.fr\\\/ecole-ste-therese\\\/etablissement\\\/projet-de-letablissement\\\/\",\"name\":\"Projet de l\u2019\u00e9tablissement - \u00c9cole Ste Th\u00e9r\u00e8se\",\"isPartOf\":{\"@id\":\"https:\\\/\\\/www.groupechampagnat.fr\\\/ecole-ste-therese\\\/#website\"},\"primaryImageOfPage\":{\"@id\":\"https:\\\/\\\/www.groupechampagnat.fr\\\/ecole-ste-therese\\\/etablissement\\\/projet-de-letablissement\\\/#primaryimage\"},\"image\":{\"@id\":\"https:\\\/\\\/www.groupechampagnat.fr\\\/ecole-ste-therese\\\/etablissement\\\/projet-de-letablissement\\\/#primaryimage\"},\"thumbnailUrl\":\"https:\\\/\\\/www.groupechampagnat.fr\\\/wp-sites\\\/uploads\\\/sites\\\/3\\\/2025\\\/09\\\/top_stetherese.webp\",\"datePublished\":\"2025-11-14T17:04:45+00:00\",\"dateModified\":\"2026-01-13T10:15:15+00:00\",\"description\":\"Projet \u00e9ducatif de l'\u00e9cole Sainte Th\u00e9r\u00e8se \u00e0 L'Arbresle : bienveillance, solidarit\u00e9 et travail pour l'\u00e9panouissement de chaque enfant.\",\"breadcrumb\":{\"@id\":\"https:\\\/\\\/www.groupechampagnat.fr\\\/ecole-ste-therese\\\/etablissement\\\/projet-de-letablissement\\\/#breadcrumb\"},\"inLanguage\":\"fr-FR\",\"potentialAction\":[{\"@type\":\"ReadAction\",\"target\":[\"https:\\\/\\\/www.groupechampagnat.fr\\\/ecole-ste-therese\\\/etablissement\\\/projet-de-letablissement\\\/\"]}]},{\"@type\":\"ImageObject\",\"inLanguage\":\"fr-FR\",\"@id\":\"https:\\\/\\\/www.groupechampagnat.fr\\\/ecole-ste-therese\\\/etablissement\\\/projet-de-letablissement\\\/#primaryimage\",\"url\":\"https:\\\/\\\/www.groupechampagnat.fr\\\/wp-sites\\\/uploads\\\/sites\\\/3\\\/2025\\\/09\\\/top_stetherese.webp\",\"contentUrl\":\"https:\\\/\\\/www.groupechampagnat.fr\\\/wp-sites\\\/uploads\\\/sites\\\/3\\\/2025\\\/09\\\/top_stetherese.webp\",\"width\":1200,\"height\":450},{\"@type\":\"BreadcrumbList\",\"@id\":\"https:\\\/\\\/www.groupechampagnat.fr\\\/ecole-ste-therese\\\/etablissement\\\/projet-de-letablissement\\\/#breadcrumb\",\"itemListElement\":[{\"@type\":\"ListItem\",\"position\":1,\"name\":\"Accueil\",\"item\":\"https:\\\/\\\/www.groupechampagnat.fr\\\/ecole-ste-therese\\\/\"},{\"@type\":\"ListItem\",\"position\":2,\"name\":\"\u00c9tablissement\",\"item\":\"https:\\\/\\\/www.groupechampagnat.fr\\\/ecole-ste-therese\\\/etablissement\\\/\"},{\"@type\":\"ListItem\",\"position\":3,\"name\":\"Projet de l\u2019\u00e9tablissement\"}]},{\"@type\":\"WebSite\",\"@id\":\"https:\\\/\\\/www.groupechampagnat.fr\\\/ecole-ste-therese\\\/#website\",\"url\":\"https:\\\/\\\/www.groupechampagnat.fr\\\/ecole-ste-therese\\\/\",\"name\":\"\u00c9cole Ste Th\u00e9r\u00e8se\",\"description\":\"\",\"potentialAction\":[{\"@type\":\"SearchAction\",\"target\":{\"@type\":\"EntryPoint\",\"urlTemplate\":\"https:\\\/\\\/www.groupechampagnat.fr\\\/ecole-ste-therese\\\/?s={search_term_string}\"},\"query-input\":{\"@type\":\"PropertyValueSpecification\",\"valueRequired\":true,\"valueName\":\"search_term_string\"}}],\"inLanguage\":\"fr-FR\"}]}<\/script>\n<!-- \/ Yoast SEO plugin. -->","yoast_head_json":{"title":"Projet de l\u2019\u00e9tablissement - \u00c9cole Ste Th\u00e9r\u00e8se","description":"Projet \u00e9ducatif de l'\u00e9cole Sainte Th\u00e9r\u00e8se \u00e0 L'Arbresle : bienveillance, solidarit\u00e9 et travail pour l'\u00e9panouissement de chaque enfant.","robots":{"index":"index","follow":"follow","max-snippet":"max-snippet:-1","max-image-preview":"max-image-preview:large","max-video-preview":"max-video-preview:-1"},"canonical":"https:\/\/www.groupechampagnat.fr\/ecole-ste-therese\/etablissement\/projet-de-letablissement\/","og_locale":"fr_FR","og_type":"article","og_title":"Projet de l\u2019\u00e9tablissement - \u00c9cole Ste Th\u00e9r\u00e8se","og_description":"Projet \u00e9ducatif de l'\u00e9cole Sainte Th\u00e9r\u00e8se \u00e0 L'Arbresle : bienveillance, solidarit\u00e9 et travail pour l'\u00e9panouissement de chaque enfant.","og_url":"https:\/\/www.groupechampagnat.fr\/ecole-ste-therese\/etablissement\/projet-de-letablissement\/","og_site_name":"\u00c9cole Ste Th\u00e9r\u00e8se","article_modified_time":"2026-01-13T10:15:15+00:00","og_image":[{"width":1200,"height":450,"url":"https:\/\/www.groupechampagnat.fr\/wp-sites\/uploads\/sites\/3\/2025\/09\/top_stetherese.webp","type":"image\/webp"}],"twitter_card":"summary_large_image","twitter_misc":{"Dur\u00e9e de lecture estim\u00e9e":"2 minutes"},"schema":{"@context":"https:\/\/schema.org","@graph":[{"@type":"WebPage","@id":"https:\/\/www.groupechampagnat.fr\/ecole-ste-therese\/etablissement\/projet-de-letablissement\/","url":"https:\/\/www.groupechampagnat.fr\/ecole-ste-therese\/etablissement\/projet-de-letablissement\/","name":"Projet de l\u2019\u00e9tablissement - \u00c9cole Ste Th\u00e9r\u00e8se","isPartOf":{"@id":"https:\/\/www.groupechampagnat.fr\/ecole-ste-therese\/#website"},"primaryImageOfPage":{"@id":"https:\/\/www.groupechampagnat.fr\/ecole-ste-therese\/etablissement\/projet-de-letablissement\/#primaryimage"},"image":{"@id":"https:\/\/www.groupechampagnat.fr\/ecole-ste-therese\/etablissement\/projet-de-letablissement\/#primaryimage"},"thumbnailUrl":"https:\/\/www.groupechampagnat.fr\/wp-sites\/uploads\/sites\/3\/2025\/09\/top_stetherese.webp","datePublished":"2025-11-14T17:04:45+00:00","dateModified":"2026-01-13T10:15:15+00:00","description":"Projet \u00e9ducatif de l'\u00e9cole Sainte Th\u00e9r\u00e8se \u00e0 L'Arbresle : bienveillance, solidarit\u00e9 et travail pour l'\u00e9panouissement de chaque enfant.","breadcrumb":{"@id":"https:\/\/www.groupechampagnat.fr\/ecole-ste-therese\/etablissement\/projet-de-letablissement\/#breadcrumb"},"inLanguage":"fr-FR","potentialAction":[{"@type":"ReadAction","target":["https:\/\/www.groupechampagnat.fr\/ecole-ste-therese\/etablissement\/projet-de-letablissement\/"]}]},{"@type":"ImageObject","inLanguage":"fr-FR","@id":"https:\/\/www.groupechampagnat.fr\/ecole-ste-therese\/etablissement\/projet-de-letablissement\/#primaryimage","url":"https:\/\/www.groupechampagnat.fr\/wp-sites\/uploads\/sites\/3\/2025\/09\/top_stetherese.webp","contentUrl":"https:\/\/www.groupechampagnat.fr\/wp-sites\/uploads\/sites\/3\/2025\/09\/top_stetherese.webp","width":1200,"height":450},{"@type":"BreadcrumbList","@id":"https:\/\/www.groupechampagnat.fr\/ecole-ste-therese\/etablissement\/projet-de-letablissement\/#breadcrumb","itemListElement":[{"@type":"ListItem","position":1,"name":"Accueil","item":"https:\/\/www.groupechampagnat.fr\/ecole-ste-therese\/"},{"@type":"ListItem","position":2,"name":"\u00c9tablissement","item":"https:\/\/www.groupechampagnat.fr\/ecole-ste-therese\/etablissement\/"},{"@type":"ListItem","position":3,"name":"Projet de l\u2019\u00e9tablissement"}]},{"@type":"WebSite","@id":"https:\/\/www.groupechampagnat.fr\/ecole-ste-therese\/#website","url":"https:\/\/www.groupechampagnat.fr\/ecole-ste-therese\/","name":"\u00c9cole Ste Th\u00e9r\u00e8se","description":"","potentialAction":[{"@type":"SearchAction","target":{"@type":"EntryPoint","urlTemplate":"https:\/\/www.groupechampagnat.fr\/ecole-ste-therese\/?s={search_term_string}"},"query-input":{"@type":"PropertyValueSpecification","valueRequired":true,"valueName":"search_term_string"}}],"inLanguage":"fr-FR"}]}},"_links":{"self":[{"href":"https:\/\/www.groupechampagnat.fr\/ecole-ste-therese\/wp-json\/wp\/v2\/pages\/52","targetHints":{"allow":["GET"]}}],"collection":[{"href":"https:\/\/www.groupechampagnat.fr\/ecole-ste-therese\/wp-json\/wp\/v2\/pages"}],"about":[{"href":"https:\/\/www.groupechampagnat.fr\/ecole-ste-therese\/wp-json\/wp\/v2\/types\/page"}],"author":[{"embeddable":true,"href":"https:\/\/www.groupechampagnat.fr\/ecole-ste-therese\/wp-json\/wp\/v2\/users\/1"}],"replies":[{"embeddable":true,"href":"https:\/\/www.groupechampagnat.fr\/ecole-ste-therese\/wp-json\/wp\/v2\/comments?post=52"}],"version-history":[{"count":14,"href":"https:\/\/www.groupechampagnat.fr\/ecole-ste-therese\/wp-json\/wp\/v2\/pages\/52\/revisions"}],"predecessor-version":[{"id":280,"href":"https:\/\/www.groupechampagnat.fr\/ecole-ste-therese\/wp-json\/wp\/v2\/pages\/52\/revisions\/280"}],"up":[{"embeddable":true,"href":"https:\/\/www.groupechampagnat.fr\/ecole-ste-therese\/wp-json\/wp\/v2\/pages\/50"}],"wp:featuredmedia":[{"embeddable":true,"href":"https:\/\/www.groupechampagnat.fr\/ecole-ste-therese\/wp-json\/wp\/v2\/media\/13"}],"wp:attachment":[{"href":"https:\/\/www.groupechampagnat.fr\/ecole-ste-therese\/wp-json\/wp\/v2\/media?parent=52"}],"curies":[{"name":"wp","href":"https:\/\/api.w.org\/{rel}","templated":true}]}}