{"id":40,"date":"2025-11-07T15:54:45","date_gmt":"2025-11-07T14:54:14","guid":{"rendered":"https:\/\/test.groupechampagnat.fr\/ecole-ste-therese\/?page_id=40"},"modified":"2026-03-03T10:22:02","modified_gmt":"2026-03-03T09:22:02","slug":"bienvenue","status":"publish","type":"page","link":"https:\/\/www.groupechampagnat.fr\/ecole-ste-therese\/","title":{"rendered":"Bienvenue \u00e0 l&#039;\u00e9cole Sainte Th\u00e9r\u00e8se"},"content":{"rendered":"\n<p>Nous sommes heureux de vous accueillir au sein de notre communaut\u00e9 \u00e9ducative, o\u00f9 chaque enfant est invit\u00e9 \u00e0 grandir, s\u2019\u00e9panouir et d\u00e9couvrir le plaisir d\u2019apprendre dans un environnement bienveillant, inspir\u00e9 par les valeurs chr\u00e9tiennes. Notre \u00e9quipe accompagne chaque \u00e9l\u00e8ve sur le chemin de la r\u00e9ussite, du respect et de l\u2019ouverture aux autres, dans un esprit familial et convivial.<\/p>\n\n\n\n<p>Explorez notre site pour d\u00e9couvrir notre projet p\u00e9dagogique, nos activit\u00e9s et la vie de l\u2019\u00e9cole. Ensemble, construisons l\u2019avenir de vos enfants !<\/p>\n\n\n\n<div class=\"wp-block-columns is-layout-flex wp-container-core-columns-is-layout-9d6595d7 wp-block-columns-is-layout-flex\">\n<div class=\"wp-block-column is-layout-flow wp-block-column-is-layout-flow\">\n<p class=\"has-text-align-center has-medium-font-size\"><a href=\"https:\/\/www.groupechampagnat.fr\/ecole-ste-therese\/inscription\/\"><strong>PRE-INSCRIPTION<\/strong><\/a><\/p>\n<\/div>\n\n\n\n<div class=\"wp-block-column is-layout-flow wp-block-column-is-layout-flow\">\n<p class=\"has-text-align-right\"><strong>Cyrille PERRAS<\/strong><br><em>Le Chef d\u2019Etablissement<\/em><\/p>\n<\/div>\n<\/div>\n\n\n\n<p><\/p>\n","protected":false},"excerpt":{"rendered":"<p>Nous sommes heureux de vous accueillir au sein de notre communaut\u00e9 \u00e9ducative, o\u00f9 chaque enfant est invit\u00e9 \u00e0 grandir, s\u2019\u00e9panouir et d\u00e9couvrir le plaisir d\u2019apprendre dans un environnement bienveillant, inspir\u00e9 par les valeurs chr\u00e9tiennes. Notre \u00e9quipe accompagne chaque \u00e9l\u00e8ve sur le chemin de la r\u00e9ussite, du respect et de l\u2019ouverture aux autres, dans un esprit [&hellip;]<\/p>\n","protected":false},"author":1,"featured_media":0,"parent":0,"menu_order":0,"comment_status":"closed","ping_status":"closed","template":"","meta":{"footnotes":""},"class_list":["post-40","page","type-page","status-publish","hentry"],"yoast_head":"<!-- This site is optimized with the Yoast SEO plugin v27.4 - https:\/\/yoast.com\/product\/yoast-seo-wordpress\/ -->\n<title>Bienvenue \u00e0 l&#039;\u00e9cole Sainte Th\u00e9r\u00e8se - \u00c9cole Ste Th\u00e9r\u00e8se<\/title>\n<meta name=\"description\" content=\"\u00c9cole Sainte Th\u00e9r\u00e8se \u00e0 L&#039;Arbresle : maternelle et primaire dans un cadre bienveillant. Projet p\u00e9dagogique inspir\u00e9 des valeurs chr\u00e9tiennes.\" \/>\n<meta name=\"robots\" content=\"index, follow, max-snippet:-1, max-image-preview:large, max-video-preview:-1\" \/>\n<link rel=\"canonical\" href=\"https:\/\/www.groupechampagnat.fr\/ecole-ste-therese\/\" \/>\n<meta property=\"og:locale\" content=\"fr_FR\" \/>\n<meta property=\"og:type\" content=\"article\" \/>\n<meta property=\"og:title\" content=\"Bienvenue \u00e0 l&#039;\u00e9cole Sainte Th\u00e9r\u00e8se - \u00c9cole Ste Th\u00e9r\u00e8se\" \/>\n<meta property=\"og:description\" content=\"\u00c9cole Sainte Th\u00e9r\u00e8se \u00e0 L&#039;Arbresle : maternelle et primaire dans un cadre bienveillant. Projet p\u00e9dagogique inspir\u00e9 des valeurs chr\u00e9tiennes.\" \/>\n<meta property=\"og:url\" content=\"https:\/\/www.groupechampagnat.fr\/ecole-ste-therese\/\" \/>\n<meta property=\"og:site_name\" content=\"\u00c9cole Ste Th\u00e9r\u00e8se\" \/>\n<meta property=\"article:modified_time\" content=\"2026-03-03T09:22:02+00:00\" \/>\n<meta name=\"twitter:card\" content=\"summary_large_image\" \/>\n<meta name=\"twitter:label1\" content=\"Dur\u00e9e de lecture estim\u00e9e\" \/>\n\t<meta name=\"twitter:data1\" content=\"1 minute\" \/>\n<script type=\"application\/ld+json\" class=\"yoast-schema-graph\">{\"@context\":\"https:\\\/\\\/schema.org\",\"@graph\":[{\"@type\":\"WebPage\",\"@id\":\"https:\\\/\\\/www.groupechampagnat.fr\\\/ecole-ste-therese\\\/\",\"url\":\"https:\\\/\\\/www.groupechampagnat.fr\\\/ecole-ste-therese\\\/\",\"name\":\"Bienvenue \u00e0 l&#039;\u00e9cole Sainte Th\u00e9r\u00e8se - \u00c9cole Ste Th\u00e9r\u00e8se\",\"isPartOf\":{\"@id\":\"https:\\\/\\\/www.groupechampagnat.fr\\\/ecole-ste-therese\\\/#website\"},\"datePublished\":\"2025-11-07T14:54:14+00:00\",\"dateModified\":\"2026-03-03T09:22:02+00:00\",\"description\":\"\u00c9cole Sainte Th\u00e9r\u00e8se \u00e0 L'Arbresle : maternelle et primaire dans un cadre bienveillant. Projet p\u00e9dagogique inspir\u00e9 des valeurs chr\u00e9tiennes.\",\"breadcrumb\":{\"@id\":\"https:\\\/\\\/www.groupechampagnat.fr\\\/ecole-ste-therese\\\/#breadcrumb\"},\"inLanguage\":\"fr-FR\",\"potentialAction\":[{\"@type\":\"ReadAction\",\"target\":[\"https:\\\/\\\/www.groupechampagnat.fr\\\/ecole-ste-therese\\\/\"]}]},{\"@type\":\"BreadcrumbList\",\"@id\":\"https:\\\/\\\/www.groupechampagnat.fr\\\/ecole-ste-therese\\\/#breadcrumb\",\"itemListElement\":[{\"@type\":\"ListItem\",\"position\":1,\"name\":\"Accueil\",\"item\":\"https:\\\/\\\/www.groupechampagnat.fr\\\/ecole-ste-therese\\\/\"},{\"@type\":\"ListItem\",\"position\":2,\"name\":\"Bienvenue \u00e0 l&#039;\u00e9cole Sainte Th\u00e9r\u00e8se\"}]},{\"@type\":\"WebSite\",\"@id\":\"https:\\\/\\\/www.groupechampagnat.fr\\\/ecole-ste-therese\\\/#website\",\"url\":\"https:\\\/\\\/www.groupechampagnat.fr\\\/ecole-ste-therese\\\/\",\"name\":\"\u00c9cole Ste Th\u00e9r\u00e8se\",\"description\":\"\",\"potentialAction\":[{\"@type\":\"SearchAction\",\"target\":{\"@type\":\"EntryPoint\",\"urlTemplate\":\"https:\\\/\\\/www.groupechampagnat.fr\\\/ecole-ste-therese\\\/?s={search_term_string}\"},\"query-input\":{\"@type\":\"PropertyValueSpecification\",\"valueRequired\":true,\"valueName\":\"search_term_string\"}}],\"inLanguage\":\"fr-FR\"}]}<\/script>\n<!-- \/ Yoast SEO plugin. -->","yoast_head_json":{"title":"Bienvenue \u00e0 l&#039;\u00e9cole Sainte Th\u00e9r\u00e8se - \u00c9cole Ste Th\u00e9r\u00e8se","description":"\u00c9cole Sainte Th\u00e9r\u00e8se \u00e0 L'Arbresle : maternelle et primaire dans un cadre bienveillant. Projet p\u00e9dagogique inspir\u00e9 des valeurs chr\u00e9tiennes.","robots":{"index":"index","follow":"follow","max-snippet":"max-snippet:-1","max-image-preview":"max-image-preview:large","max-video-preview":"max-video-preview:-1"},"canonical":"https:\/\/www.groupechampagnat.fr\/ecole-ste-therese\/","og_locale":"fr_FR","og_type":"article","og_title":"Bienvenue \u00e0 l&#039;\u00e9cole Sainte Th\u00e9r\u00e8se - \u00c9cole Ste Th\u00e9r\u00e8se","og_description":"\u00c9cole Sainte Th\u00e9r\u00e8se \u00e0 L'Arbresle : maternelle et primaire dans un cadre bienveillant. Projet p\u00e9dagogique inspir\u00e9 des valeurs chr\u00e9tiennes.","og_url":"https:\/\/www.groupechampagnat.fr\/ecole-ste-therese\/","og_site_name":"\u00c9cole Ste Th\u00e9r\u00e8se","article_modified_time":"2026-03-03T09:22:02+00:00","twitter_card":"summary_large_image","twitter_misc":{"Dur\u00e9e de lecture estim\u00e9e":"1 minute"},"schema":{"@context":"https:\/\/schema.org","@graph":[{"@type":"WebPage","@id":"https:\/\/www.groupechampagnat.fr\/ecole-ste-therese\/","url":"https:\/\/www.groupechampagnat.fr\/ecole-ste-therese\/","name":"Bienvenue \u00e0 l&#039;\u00e9cole Sainte Th\u00e9r\u00e8se - \u00c9cole Ste Th\u00e9r\u00e8se","isPartOf":{"@id":"https:\/\/www.groupechampagnat.fr\/ecole-ste-therese\/#website"},"datePublished":"2025-11-07T14:54:14+00:00","dateModified":"2026-03-03T09:22:02+00:00","description":"\u00c9cole Sainte Th\u00e9r\u00e8se \u00e0 L'Arbresle : maternelle et primaire dans un cadre bienveillant. Projet p\u00e9dagogique inspir\u00e9 des valeurs chr\u00e9tiennes.","breadcrumb":{"@id":"https:\/\/www.groupechampagnat.fr\/ecole-ste-therese\/#breadcrumb"},"inLanguage":"fr-FR","potentialAction":[{"@type":"ReadAction","target":["https:\/\/www.groupechampagnat.fr\/ecole-ste-therese\/"]}]},{"@type":"BreadcrumbList","@id":"https:\/\/www.groupechampagnat.fr\/ecole-ste-therese\/#breadcrumb","itemListElement":[{"@type":"ListItem","position":1,"name":"Accueil","item":"https:\/\/www.groupechampagnat.fr\/ecole-ste-therese\/"},{"@type":"ListItem","position":2,"name":"Bienvenue \u00e0 l&#039;\u00e9cole Sainte Th\u00e9r\u00e8se"}]},{"@type":"WebSite","@id":"https:\/\/www.groupechampagnat.fr\/ecole-ste-therese\/#website","url":"https:\/\/www.groupechampagnat.fr\/ecole-ste-therese\/","name":"\u00c9cole Ste Th\u00e9r\u00e8se","description":"","potentialAction":[{"@type":"SearchAction","target":{"@type":"EntryPoint","urlTemplate":"https:\/\/www.groupechampagnat.fr\/ecole-ste-therese\/?s={search_term_string}"},"query-input":{"@type":"PropertyValueSpecification","valueRequired":true,"valueName":"search_term_string"}}],"inLanguage":"fr-FR"}]}},"_links":{"self":[{"href":"https:\/\/www.groupechampagnat.fr\/ecole-ste-therese\/wp-json\/wp\/v2\/pages\/40","targetHints":{"allow":["GET"]}}],"collection":[{"href":"https:\/\/www.groupechampagnat.fr\/ecole-ste-therese\/wp-json\/wp\/v2\/pages"}],"about":[{"href":"https:\/\/www.groupechampagnat.fr\/ecole-ste-therese\/wp-json\/wp\/v2\/types\/page"}],"author":[{"embeddable":true,"href":"https:\/\/www.groupechampagnat.fr\/ecole-ste-therese\/wp-json\/wp\/v2\/users\/1"}],"replies":[{"embeddable":true,"href":"https:\/\/www.groupechampagnat.fr\/ecole-ste-therese\/wp-json\/wp\/v2\/comments?post=40"}],"version-history":[{"count":7,"href":"https:\/\/www.groupechampagnat.fr\/ecole-ste-therese\/wp-json\/wp\/v2\/pages\/40\/revisions"}],"predecessor-version":[{"id":289,"href":"https:\/\/www.groupechampagnat.fr\/ecole-ste-therese\/wp-json\/wp\/v2\/pages\/40\/revisions\/289"}],"wp:attachment":[{"href":"https:\/\/www.groupechampagnat.fr\/ecole-ste-therese\/wp-json\/wp\/v2\/media?parent=40"}],"curies":[{"name":"wp","href":"https:\/\/api.w.org\/{rel}","templated":true}]}}