{"id":53,"date":"2025-09-05T11:04:15","date_gmt":"2025-09-05T09:04:15","guid":{"rendered":"https:\/\/test.groupechampagnat.fr\/ecole-st-martin\/projet-predagogique\/pastorale\/"},"modified":"2026-01-12T11:47:37","modified_gmt":"2026-01-12T10:47:37","slug":"la-scolarisation-a-lecole-primaire","status":"publish","type":"page","link":"https:\/\/www.groupechampagnat.fr\/ecole-st-martin\/projet-pedagogique\/la-scolarisation-a-lecole-primaire\/","title":{"rendered":"La Scolarisation \u00e0 l\u2019\u00c9cole Primaire"},"content":{"rendered":"\n<p>L\u2019\u00e9cole \u00e9l\u00e9mentaire se d\u00e9cline en 2 cycles :<br>CYCLE 2 : CP-CE1 et CE2<br>CYCLE 3 : CM1-CM2-6\u00e8me<\/p>\n\n\n\n<p>Les enseignants travaillent en concertation pour enseigner les programmes promulgu\u00e9s par l\u2019Education Nationale.<\/p>\n\n\n\n<p><strong>En cycle 2,<\/strong> l\u2019accent est mis sur l\u2019entr\u00e9e dans l\u2019\u00e9crit. En math\u00e9matiques, la manipulation et le sens \u00e0 donner aux probl\u00e8mes sont travaill\u00e9s \u00e0 partir de diff\u00e9rents outils pour multiplier les supports d\u2019apprentissage sans \u00eatre enferm\u00e9 dans une seule et unique m\u00e9thode.<\/p>\n\n\n\n<p><strong>En cycle 3,<\/strong> depuis 2015, les professeurs de CM rencontrent r\u00e9guli\u00e8rement les professeurs du coll\u00e8ge afin d\u2019ajuster leurs pratiques, travailler ensemble \u00e0 des projets communs (cross, correspondances de classe, projets d\u2019arts, projets en langues\u2026). Ce partenariat permet la continuit\u00e9 du CM2 \u00e0 la 6\u00e8me, malgr\u00e9 un changement de site, mais tout en respectant la rupture n\u00e9cessaire de la vie d\u2019un \u00e9l\u00e8ve d\u2019\u00e9cole \u00e0 celle d\u2019un coll\u00e9gien.<\/p>\n\n\n\n<p>La richesse des apprentissages en primaire vient aussi de l\u2019utilisation par les diff\u00e9rents professeurs de la diff\u00e9renciation p\u00e9dagogique, permettant \u00e0 chaque \u00e9l\u00e8ve de pouvoir<br>apprendre \u00e0 son rythme.<\/p>\n\n\n\n<p>Pour accompagner l\u2019\u00e9quipe, une enseignante sp\u00e9cialis\u00e9e, intervient dans les classes plus particuli\u00e8rement en cycle 2 afin de rem\u00e9dier \u00e0 d\u2019\u00e9ventuelles difficult\u00e9s li\u00e9es aux<br>apprentissages de base en fran\u00e7ais et math\u00e9matiques.<\/p>\n\n\n\n<p>L\u2019anglais est initi\u00e9 d\u00e8s la Petite Section par les enseignantes et notre intervenant anglais. C\u2019est de mani\u00e8re ludique que les enfants d\u00e9couvrent cette langue, pour entrer d\u2019abord par l\u2019oral avant de l\u2019utiliser \u00e0 l\u2019\u00e9crit par la suite.<\/p>\n\n\n\n<p>L\u2019allemand, les CM d\u00e9couvrent cette ann\u00e9e scolaire une autre langue europ\u00e9enne \u00e0 raison de 4 s\u00e9ances d&rsquo;1,5h en \u00bd groupe. C\u2019est l\u2019occasion de d\u00e9couvrir la langue de nos voisins et d\u2019ancrer des \u00e9changes avec la ville jumel\u00e9e de Savigny : Berching en Allemagne.<\/p>\n\n\n\n<p><\/p>\n","protected":false},"excerpt":{"rendered":"<p>L\u2019\u00e9cole \u00e9l\u00e9mentaire se d\u00e9cline en 2 cycles :CYCLE 2 : CP-CE1 et CE2CYCLE 3 : CM1-CM2-6\u00e8me Les enseignants travaillent en concertation pour enseigner les programmes promulgu\u00e9s par l\u2019Education Nationale. En cycle 2, l\u2019accent est mis sur l\u2019entr\u00e9e dans l\u2019\u00e9crit. En math\u00e9matiques, la manipulation et le sens \u00e0 donner aux probl\u00e8mes sont travaill\u00e9s \u00e0 partir de [&hellip;]<\/p>\n","protected":false},"author":1,"featured_media":209,"parent":23,"menu_order":2,"comment_status":"closed","ping_status":"closed","template":"","meta":{"footnotes":""},"class_list":["post-53","page","type-page","status-publish","has-post-thumbnail","hentry"],"yoast_head":"<!-- This site is optimized with the Yoast SEO plugin v27.4 - https:\/\/yoast.com\/product\/yoast-seo-wordpress\/ -->\n<title>La Scolarisation \u00e0 l\u2019\u00c9cole Primaire - \u00c9cole St Martin<\/title>\n<meta name=\"description\" content=\"\u00c9cole primaire Saint Martin \u00e0 Savigny : CP au CM2, p\u00e9dagogie diff\u00e9renci\u00e9e, anglais d\u00e8s la petite section et apprentissage de l&#039;allemand.\" \/>\n<meta name=\"robots\" content=\"index, follow, max-snippet:-1, max-image-preview:large, max-video-preview:-1\" \/>\n<link rel=\"canonical\" href=\"https:\/\/www.groupechampagnat.fr\/ecole-st-martin\/projet-pedagogique\/la-scolarisation-a-lecole-primaire\/\" \/>\n<meta property=\"og:locale\" content=\"fr_FR\" \/>\n<meta property=\"og:type\" content=\"article\" \/>\n<meta property=\"og:title\" content=\"La Scolarisation \u00e0 l\u2019\u00c9cole Primaire - \u00c9cole St Martin\" \/>\n<meta property=\"og:description\" content=\"\u00c9cole primaire Saint Martin \u00e0 Savigny : CP au CM2, p\u00e9dagogie diff\u00e9renci\u00e9e, anglais d\u00e8s la petite section et apprentissage de l&#039;allemand.\" \/>\n<meta property=\"og:url\" content=\"https:\/\/www.groupechampagnat.fr\/ecole-st-martin\/projet-pedagogique\/la-scolarisation-a-lecole-primaire\/\" \/>\n<meta property=\"og:site_name\" content=\"\u00c9cole St Martin\" \/>\n<meta property=\"article:modified_time\" content=\"2026-01-12T10:47:37+00:00\" \/>\n<meta property=\"og:image\" content=\"https:\/\/www.groupechampagnat.fr\/wp-sites\/uploads\/sites\/4\/2025\/11\/StMartin.jpg\" \/>\n\t<meta property=\"og:image:width\" content=\"600\" \/>\n\t<meta property=\"og:image:height\" content=\"528\" \/>\n\t<meta property=\"og:image:type\" content=\"image\/jpeg\" \/>\n<meta name=\"twitter:card\" content=\"summary_large_image\" \/>\n<meta name=\"twitter:label1\" content=\"Dur\u00e9e de lecture estim\u00e9e\" \/>\n\t<meta name=\"twitter:data1\" content=\"2 minutes\" \/>\n<script type=\"application\/ld+json\" class=\"yoast-schema-graph\">{\"@context\":\"https:\\\/\\\/schema.org\",\"@graph\":[{\"@type\":\"WebPage\",\"@id\":\"https:\\\/\\\/www.groupechampagnat.fr\\\/ecole-st-martin\\\/projet-pedagogique\\\/la-scolarisation-a-lecole-primaire\\\/\",\"url\":\"https:\\\/\\\/www.groupechampagnat.fr\\\/ecole-st-martin\\\/projet-pedagogique\\\/la-scolarisation-a-lecole-primaire\\\/\",\"name\":\"La Scolarisation \u00e0 l\u2019\u00c9cole Primaire - \u00c9cole St Martin\",\"isPartOf\":{\"@id\":\"https:\\\/\\\/www.groupechampagnat.fr\\\/ecole-st-martin\\\/#website\"},\"primaryImageOfPage\":{\"@id\":\"https:\\\/\\\/www.groupechampagnat.fr\\\/ecole-st-martin\\\/projet-pedagogique\\\/la-scolarisation-a-lecole-primaire\\\/#primaryimage\"},\"image\":{\"@id\":\"https:\\\/\\\/www.groupechampagnat.fr\\\/ecole-st-martin\\\/projet-pedagogique\\\/la-scolarisation-a-lecole-primaire\\\/#primaryimage\"},\"thumbnailUrl\":\"https:\\\/\\\/www.groupechampagnat.fr\\\/wp-sites\\\/uploads\\\/sites\\\/4\\\/2025\\\/11\\\/StMartin.jpg\",\"datePublished\":\"2025-09-05T09:04:15+00:00\",\"dateModified\":\"2026-01-12T10:47:37+00:00\",\"description\":\"\u00c9cole primaire Saint Martin \u00e0 Savigny : CP au CM2, p\u00e9dagogie diff\u00e9renci\u00e9e, anglais d\u00e8s la petite section et apprentissage de l'allemand.\",\"breadcrumb\":{\"@id\":\"https:\\\/\\\/www.groupechampagnat.fr\\\/ecole-st-martin\\\/projet-pedagogique\\\/la-scolarisation-a-lecole-primaire\\\/#breadcrumb\"},\"inLanguage\":\"fr-FR\",\"potentialAction\":[{\"@type\":\"ReadAction\",\"target\":[\"https:\\\/\\\/www.groupechampagnat.fr\\\/ecole-st-martin\\\/projet-pedagogique\\\/la-scolarisation-a-lecole-primaire\\\/\"]}]},{\"@type\":\"ImageObject\",\"inLanguage\":\"fr-FR\",\"@id\":\"https:\\\/\\\/www.groupechampagnat.fr\\\/ecole-st-martin\\\/projet-pedagogique\\\/la-scolarisation-a-lecole-primaire\\\/#primaryimage\",\"url\":\"https:\\\/\\\/www.groupechampagnat.fr\\\/wp-sites\\\/uploads\\\/sites\\\/4\\\/2025\\\/11\\\/StMartin.jpg\",\"contentUrl\":\"https:\\\/\\\/www.groupechampagnat.fr\\\/wp-sites\\\/uploads\\\/sites\\\/4\\\/2025\\\/11\\\/StMartin.jpg\",\"width\":600,\"height\":528},{\"@type\":\"BreadcrumbList\",\"@id\":\"https:\\\/\\\/www.groupechampagnat.fr\\\/ecole-st-martin\\\/projet-pedagogique\\\/la-scolarisation-a-lecole-primaire\\\/#breadcrumb\",\"itemListElement\":[{\"@type\":\"ListItem\",\"position\":1,\"name\":\"Accueil\",\"item\":\"https:\\\/\\\/www.groupechampagnat.fr\\\/ecole-st-martin\\\/\"},{\"@type\":\"ListItem\",\"position\":2,\"name\":\"Projet p\u00e9dagogique\",\"item\":\"https:\\\/\\\/www.groupechampagnat.fr\\\/ecole-st-martin\\\/projet-pedagogique\\\/\"},{\"@type\":\"ListItem\",\"position\":3,\"name\":\"La Scolarisation \u00e0 l\u2019\u00c9cole Primaire\"}]},{\"@type\":\"WebSite\",\"@id\":\"https:\\\/\\\/www.groupechampagnat.fr\\\/ecole-st-martin\\\/#website\",\"url\":\"https:\\\/\\\/www.groupechampagnat.fr\\\/ecole-st-martin\\\/\",\"name\":\"\u00c9cole St Martin\",\"description\":\"\u00c9cole primaire du groupe Champagnat\",\"potentialAction\":[{\"@type\":\"SearchAction\",\"target\":{\"@type\":\"EntryPoint\",\"urlTemplate\":\"https:\\\/\\\/www.groupechampagnat.fr\\\/ecole-st-martin\\\/?s={search_term_string}\"},\"query-input\":{\"@type\":\"PropertyValueSpecification\",\"valueRequired\":true,\"valueName\":\"search_term_string\"}}],\"inLanguage\":\"fr-FR\"}]}<\/script>\n<!-- \/ Yoast SEO plugin. -->","yoast_head_json":{"title":"La Scolarisation \u00e0 l\u2019\u00c9cole Primaire - \u00c9cole St Martin","description":"\u00c9cole primaire Saint Martin \u00e0 Savigny : CP au CM2, p\u00e9dagogie diff\u00e9renci\u00e9e, anglais d\u00e8s la petite section et apprentissage de l'allemand.","robots":{"index":"index","follow":"follow","max-snippet":"max-snippet:-1","max-image-preview":"max-image-preview:large","max-video-preview":"max-video-preview:-1"},"canonical":"https:\/\/www.groupechampagnat.fr\/ecole-st-martin\/projet-pedagogique\/la-scolarisation-a-lecole-primaire\/","og_locale":"fr_FR","og_type":"article","og_title":"La Scolarisation \u00e0 l\u2019\u00c9cole Primaire - \u00c9cole St Martin","og_description":"\u00c9cole primaire Saint Martin \u00e0 Savigny : CP au CM2, p\u00e9dagogie diff\u00e9renci\u00e9e, anglais d\u00e8s la petite section et apprentissage de l'allemand.","og_url":"https:\/\/www.groupechampagnat.fr\/ecole-st-martin\/projet-pedagogique\/la-scolarisation-a-lecole-primaire\/","og_site_name":"\u00c9cole St Martin","article_modified_time":"2026-01-12T10:47:37+00:00","og_image":[{"width":600,"height":528,"url":"https:\/\/www.groupechampagnat.fr\/wp-sites\/uploads\/sites\/4\/2025\/11\/StMartin.jpg","type":"image\/jpeg"}],"twitter_card":"summary_large_image","twitter_misc":{"Dur\u00e9e de lecture estim\u00e9e":"2 minutes"},"schema":{"@context":"https:\/\/schema.org","@graph":[{"@type":"WebPage","@id":"https:\/\/www.groupechampagnat.fr\/ecole-st-martin\/projet-pedagogique\/la-scolarisation-a-lecole-primaire\/","url":"https:\/\/www.groupechampagnat.fr\/ecole-st-martin\/projet-pedagogique\/la-scolarisation-a-lecole-primaire\/","name":"La Scolarisation \u00e0 l\u2019\u00c9cole Primaire - \u00c9cole St Martin","isPartOf":{"@id":"https:\/\/www.groupechampagnat.fr\/ecole-st-martin\/#website"},"primaryImageOfPage":{"@id":"https:\/\/www.groupechampagnat.fr\/ecole-st-martin\/projet-pedagogique\/la-scolarisation-a-lecole-primaire\/#primaryimage"},"image":{"@id":"https:\/\/www.groupechampagnat.fr\/ecole-st-martin\/projet-pedagogique\/la-scolarisation-a-lecole-primaire\/#primaryimage"},"thumbnailUrl":"https:\/\/www.groupechampagnat.fr\/wp-sites\/uploads\/sites\/4\/2025\/11\/StMartin.jpg","datePublished":"2025-09-05T09:04:15+00:00","dateModified":"2026-01-12T10:47:37+00:00","description":"\u00c9cole primaire Saint Martin \u00e0 Savigny : CP au CM2, p\u00e9dagogie diff\u00e9renci\u00e9e, anglais d\u00e8s la petite section et apprentissage de l'allemand.","breadcrumb":{"@id":"https:\/\/www.groupechampagnat.fr\/ecole-st-martin\/projet-pedagogique\/la-scolarisation-a-lecole-primaire\/#breadcrumb"},"inLanguage":"fr-FR","potentialAction":[{"@type":"ReadAction","target":["https:\/\/www.groupechampagnat.fr\/ecole-st-martin\/projet-pedagogique\/la-scolarisation-a-lecole-primaire\/"]}]},{"@type":"ImageObject","inLanguage":"fr-FR","@id":"https:\/\/www.groupechampagnat.fr\/ecole-st-martin\/projet-pedagogique\/la-scolarisation-a-lecole-primaire\/#primaryimage","url":"https:\/\/www.groupechampagnat.fr\/wp-sites\/uploads\/sites\/4\/2025\/11\/StMartin.jpg","contentUrl":"https:\/\/www.groupechampagnat.fr\/wp-sites\/uploads\/sites\/4\/2025\/11\/StMartin.jpg","width":600,"height":528},{"@type":"BreadcrumbList","@id":"https:\/\/www.groupechampagnat.fr\/ecole-st-martin\/projet-pedagogique\/la-scolarisation-a-lecole-primaire\/#breadcrumb","itemListElement":[{"@type":"ListItem","position":1,"name":"Accueil","item":"https:\/\/www.groupechampagnat.fr\/ecole-st-martin\/"},{"@type":"ListItem","position":2,"name":"Projet p\u00e9dagogique","item":"https:\/\/www.groupechampagnat.fr\/ecole-st-martin\/projet-pedagogique\/"},{"@type":"ListItem","position":3,"name":"La Scolarisation \u00e0 l\u2019\u00c9cole Primaire"}]},{"@type":"WebSite","@id":"https:\/\/www.groupechampagnat.fr\/ecole-st-martin\/#website","url":"https:\/\/www.groupechampagnat.fr\/ecole-st-martin\/","name":"\u00c9cole St Martin","description":"\u00c9cole primaire du groupe Champagnat","potentialAction":[{"@type":"SearchAction","target":{"@type":"EntryPoint","urlTemplate":"https:\/\/www.groupechampagnat.fr\/ecole-st-martin\/?s={search_term_string}"},"query-input":{"@type":"PropertyValueSpecification","valueRequired":true,"valueName":"search_term_string"}}],"inLanguage":"fr-FR"}]}},"_links":{"self":[{"href":"https:\/\/www.groupechampagnat.fr\/ecole-st-martin\/wp-json\/wp\/v2\/pages\/53","targetHints":{"allow":["GET"]}}],"collection":[{"href":"https:\/\/www.groupechampagnat.fr\/ecole-st-martin\/wp-json\/wp\/v2\/pages"}],"about":[{"href":"https:\/\/www.groupechampagnat.fr\/ecole-st-martin\/wp-json\/wp\/v2\/types\/page"}],"author":[{"embeddable":true,"href":"https:\/\/www.groupechampagnat.fr\/ecole-st-martin\/wp-json\/wp\/v2\/users\/1"}],"replies":[{"embeddable":true,"href":"https:\/\/www.groupechampagnat.fr\/ecole-st-martin\/wp-json\/wp\/v2\/comments?post=53"}],"version-history":[{"count":4,"href":"https:\/\/www.groupechampagnat.fr\/ecole-st-martin\/wp-json\/wp\/v2\/pages\/53\/revisions"}],"predecessor-version":[{"id":202,"href":"https:\/\/www.groupechampagnat.fr\/ecole-st-martin\/wp-json\/wp\/v2\/pages\/53\/revisions\/202"}],"up":[{"embeddable":true,"href":"https:\/\/www.groupechampagnat.fr\/ecole-st-martin\/wp-json\/wp\/v2\/pages\/23"}],"wp:featuredmedia":[{"embeddable":true,"href":"https:\/\/www.groupechampagnat.fr\/ecole-st-martin\/wp-json\/wp\/v2\/media\/209"}],"wp:attachment":[{"href":"https:\/\/www.groupechampagnat.fr\/ecole-st-martin\/wp-json\/wp\/v2\/media?parent=53"}],"curies":[{"name":"wp","href":"https:\/\/api.w.org\/{rel}","templated":true}]}}