{"id":251,"date":"2025-12-31T12:53:47","date_gmt":"2025-12-31T11:53:47","guid":{"rendered":"https:\/\/test.groupechampagnat.fr\/ecole-st-martin\/vie-scolaire\/transports\/"},"modified":"2026-01-12T11:40:27","modified_gmt":"2026-01-12T10:40:27","slug":"transports","status":"publish","type":"page","link":"https:\/\/www.groupechampagnat.fr\/ecole-st-martin\/vie-scolaire\/transports\/","title":{"rendered":"Transports"},"content":{"rendered":"\n<div class=\"wp-block-columns is-layout-flex wp-container-core-columns-is-layout-9d6595d7 wp-block-columns-is-layout-flex\">\n<div class=\"wp-block-column is-layout-flow wp-block-column-is-layout-flow\">\n<div class=\"wp-block-group is-vertical is-content-justification-left is-nowrap is-layout-flex wp-container-core-group-is-layout-cfee1719 wp-block-group-is-layout-flex\">\n<figure class=\"wp-block-image size-full\"><img decoding=\"async\" src=\"https:\/\/www.groupechampagnat.fr\/wp-sites\/uploads\/sites\/2\/2025\/12\/tcl.png\" alt=\"\" class=\"wp-image-751\"\/><\/figure>\n\n\n\n<h2 class=\"wp-block-heading\">Les transports Cars du Rh\u00f4ne deviennent le R\u00e9seau TCL<\/h2>\n<\/div>\n\n\n\n<p><strong>A compter du 1er septembre 2025, les 3 r\u00e9seaux Cars du Rh\u00f4ne, TCL et Libellule ne feront plus qu\u2019un : le r\u00e9seau TCL.&nbsp;<\/strong><\/p>\n\n\n\n<p>Pour en savoir plus, consultez la page&nbsp;<a href=\"https:\/\/www.tcl.fr\/nouveau-reseau-unifie-tcl\" target=\"_blank\" rel=\"noreferrer noopener\">R\u00e9seau unifi\u00e9 TCL<\/a>.<\/p>\n\n\n\n<p><strong>Pour tout savoir sur la rentr\u00e9e scolaire et souscrire un abonnement jeune TCL pour l\u2019ann\u00e9e scolaire 2025-2026, voir&nbsp;<\/strong><a href=\"https:\/\/www.tcl.fr\/rentree_2025\" target=\"_blank\" rel=\"noreferrer noopener\"><strong>Rentr\u00e9e TCL 2025<\/strong><\/a><strong>.<\/strong><\/p>\n<\/div>\n<\/div>\n","protected":false},"excerpt":{"rendered":"<p>Les transports Cars du Rh\u00f4ne deviennent le R\u00e9seau TCL A compter du 1er septembre 2025, les 3 r\u00e9seaux Cars du Rh\u00f4ne, TCL et Libellule ne feront plus qu\u2019un : le r\u00e9seau TCL.&nbsp; Pour en savoir plus, consultez la page&nbsp;R\u00e9seau unifi\u00e9 TCL. Pour tout savoir sur la rentr\u00e9e scolaire et souscrire un abonnement jeune TCL pour [&hellip;]<\/p>\n","protected":false},"author":1,"featured_media":125,"parent":21,"menu_order":4,"comment_status":"closed","ping_status":"closed","template":"","meta":{"footnotes":""},"class_list":["post-251","page","type-page","status-publish","has-post-thumbnail","hentry"],"yoast_head":"<!-- This site is optimized with the Yoast SEO plugin v27.4 - https:\/\/yoast.com\/product\/yoast-seo-wordpress\/ -->\n<title>Transports - \u00c9cole St Martin<\/title>\n<meta name=\"description\" content=\"Transport scolaire pour l&#039;\u00e9cole Saint Martin \u00e0 Savigny : infos r\u00e9seau TCL, lignes de bus et abonnements jeunes pour les \u00e9l\u00e8ves.\" \/>\n<meta name=\"robots\" content=\"index, follow, max-snippet:-1, max-image-preview:large, max-video-preview:-1\" \/>\n<link rel=\"canonical\" href=\"https:\/\/www.groupechampagnat.fr\/ecole-st-martin\/vie-scolaire\/transports\/\" \/>\n<meta property=\"og:locale\" content=\"fr_FR\" \/>\n<meta property=\"og:type\" content=\"article\" \/>\n<meta property=\"og:title\" content=\"Transports - \u00c9cole St Martin\" \/>\n<meta property=\"og:description\" content=\"Transport scolaire pour l&#039;\u00e9cole Saint Martin \u00e0 Savigny : infos r\u00e9seau TCL, lignes de bus et abonnements jeunes pour les \u00e9l\u00e8ves.\" \/>\n<meta property=\"og:url\" content=\"https:\/\/www.groupechampagnat.fr\/ecole-st-martin\/vie-scolaire\/transports\/\" \/>\n<meta property=\"og:site_name\" content=\"\u00c9cole St Martin\" \/>\n<meta property=\"article:modified_time\" content=\"2026-01-12T10:40:27+00:00\" \/>\n<meta property=\"og:image\" content=\"https:\/\/www.groupechampagnat.fr\/wp-sites\/uploads\/sites\/4\/2025\/09\/Ecole-St-Martin-1024x312.png\" \/>\n\t<meta property=\"og:image:width\" content=\"1024\" \/>\n\t<meta property=\"og:image:height\" content=\"312\" \/>\n\t<meta property=\"og:image:type\" content=\"image\/png\" \/>\n<meta name=\"twitter:card\" content=\"summary_large_image\" \/>\n<meta name=\"twitter:label1\" content=\"Dur\u00e9e de lecture estim\u00e9e\" \/>\n\t<meta name=\"twitter:data1\" content=\"1 minute\" \/>\n<script type=\"application\/ld+json\" class=\"yoast-schema-graph\">{\"@context\":\"https:\\\/\\\/schema.org\",\"@graph\":[{\"@type\":\"WebPage\",\"@id\":\"https:\\\/\\\/www.groupechampagnat.fr\\\/ecole-st-martin\\\/vie-scolaire\\\/transports\\\/\",\"url\":\"https:\\\/\\\/www.groupechampagnat.fr\\\/ecole-st-martin\\\/vie-scolaire\\\/transports\\\/\",\"name\":\"Transports - \u00c9cole St Martin\",\"isPartOf\":{\"@id\":\"https:\\\/\\\/www.groupechampagnat.fr\\\/ecole-st-martin\\\/#website\"},\"primaryImageOfPage\":{\"@id\":\"https:\\\/\\\/www.groupechampagnat.fr\\\/ecole-st-martin\\\/vie-scolaire\\\/transports\\\/#primaryimage\"},\"image\":{\"@id\":\"https:\\\/\\\/www.groupechampagnat.fr\\\/ecole-st-martin\\\/vie-scolaire\\\/transports\\\/#primaryimage\"},\"thumbnailUrl\":\"https:\\\/\\\/www.groupechampagnat.fr\\\/wp-sites\\\/uploads\\\/sites\\\/4\\\/2025\\\/09\\\/Ecole-St-Martin.png\",\"datePublished\":\"2025-12-31T11:53:47+00:00\",\"dateModified\":\"2026-01-12T10:40:27+00:00\",\"description\":\"Transport scolaire pour l'\u00e9cole Saint Martin \u00e0 Savigny : infos r\u00e9seau TCL, lignes de bus et abonnements jeunes pour les \u00e9l\u00e8ves.\",\"breadcrumb\":{\"@id\":\"https:\\\/\\\/www.groupechampagnat.fr\\\/ecole-st-martin\\\/vie-scolaire\\\/transports\\\/#breadcrumb\"},\"inLanguage\":\"fr-FR\",\"potentialAction\":[{\"@type\":\"ReadAction\",\"target\":[\"https:\\\/\\\/www.groupechampagnat.fr\\\/ecole-st-martin\\\/vie-scolaire\\\/transports\\\/\"]}]},{\"@type\":\"ImageObject\",\"inLanguage\":\"fr-FR\",\"@id\":\"https:\\\/\\\/www.groupechampagnat.fr\\\/ecole-st-martin\\\/vie-scolaire\\\/transports\\\/#primaryimage\",\"url\":\"https:\\\/\\\/www.groupechampagnat.fr\\\/wp-sites\\\/uploads\\\/sites\\\/4\\\/2025\\\/09\\\/Ecole-St-Martin.png\",\"contentUrl\":\"https:\\\/\\\/www.groupechampagnat.fr\\\/wp-sites\\\/uploads\\\/sites\\\/4\\\/2025\\\/09\\\/Ecole-St-Martin.png\",\"width\":2484,\"height\":758},{\"@type\":\"BreadcrumbList\",\"@id\":\"https:\\\/\\\/www.groupechampagnat.fr\\\/ecole-st-martin\\\/vie-scolaire\\\/transports\\\/#breadcrumb\",\"itemListElement\":[{\"@type\":\"ListItem\",\"position\":1,\"name\":\"Accueil\",\"item\":\"https:\\\/\\\/www.groupechampagnat.fr\\\/ecole-st-martin\\\/\"},{\"@type\":\"ListItem\",\"position\":2,\"name\":\"Vie scolaire\",\"item\":\"https:\\\/\\\/www.groupechampagnat.fr\\\/ecole-st-martin\\\/vie-scolaire\\\/\"},{\"@type\":\"ListItem\",\"position\":3,\"name\":\"Transports\"}]},{\"@type\":\"WebSite\",\"@id\":\"https:\\\/\\\/www.groupechampagnat.fr\\\/ecole-st-martin\\\/#website\",\"url\":\"https:\\\/\\\/www.groupechampagnat.fr\\\/ecole-st-martin\\\/\",\"name\":\"\u00c9cole St Martin\",\"description\":\"\u00c9cole primaire du groupe Champagnat\",\"potentialAction\":[{\"@type\":\"SearchAction\",\"target\":{\"@type\":\"EntryPoint\",\"urlTemplate\":\"https:\\\/\\\/www.groupechampagnat.fr\\\/ecole-st-martin\\\/?s={search_term_string}\"},\"query-input\":{\"@type\":\"PropertyValueSpecification\",\"valueRequired\":true,\"valueName\":\"search_term_string\"}}],\"inLanguage\":\"fr-FR\"}]}<\/script>\n<!-- \/ Yoast SEO plugin. -->","yoast_head_json":{"title":"Transports - \u00c9cole St Martin","description":"Transport scolaire pour l'\u00e9cole Saint Martin \u00e0 Savigny : infos r\u00e9seau TCL, lignes de bus et abonnements jeunes pour les \u00e9l\u00e8ves.","robots":{"index":"index","follow":"follow","max-snippet":"max-snippet:-1","max-image-preview":"max-image-preview:large","max-video-preview":"max-video-preview:-1"},"canonical":"https:\/\/www.groupechampagnat.fr\/ecole-st-martin\/vie-scolaire\/transports\/","og_locale":"fr_FR","og_type":"article","og_title":"Transports - \u00c9cole St Martin","og_description":"Transport scolaire pour l'\u00e9cole Saint Martin \u00e0 Savigny : infos r\u00e9seau TCL, lignes de bus et abonnements jeunes pour les \u00e9l\u00e8ves.","og_url":"https:\/\/www.groupechampagnat.fr\/ecole-st-martin\/vie-scolaire\/transports\/","og_site_name":"\u00c9cole St Martin","article_modified_time":"2026-01-12T10:40:27+00:00","og_image":[{"width":1024,"height":312,"url":"https:\/\/www.groupechampagnat.fr\/wp-sites\/uploads\/sites\/4\/2025\/09\/Ecole-St-Martin-1024x312.png","type":"image\/png"}],"twitter_card":"summary_large_image","twitter_misc":{"Dur\u00e9e de lecture estim\u00e9e":"1 minute"},"schema":{"@context":"https:\/\/schema.org","@graph":[{"@type":"WebPage","@id":"https:\/\/www.groupechampagnat.fr\/ecole-st-martin\/vie-scolaire\/transports\/","url":"https:\/\/www.groupechampagnat.fr\/ecole-st-martin\/vie-scolaire\/transports\/","name":"Transports - \u00c9cole St Martin","isPartOf":{"@id":"https:\/\/www.groupechampagnat.fr\/ecole-st-martin\/#website"},"primaryImageOfPage":{"@id":"https:\/\/www.groupechampagnat.fr\/ecole-st-martin\/vie-scolaire\/transports\/#primaryimage"},"image":{"@id":"https:\/\/www.groupechampagnat.fr\/ecole-st-martin\/vie-scolaire\/transports\/#primaryimage"},"thumbnailUrl":"https:\/\/www.groupechampagnat.fr\/wp-sites\/uploads\/sites\/4\/2025\/09\/Ecole-St-Martin.png","datePublished":"2025-12-31T11:53:47+00:00","dateModified":"2026-01-12T10:40:27+00:00","description":"Transport scolaire pour l'\u00e9cole Saint Martin \u00e0 Savigny : infos r\u00e9seau TCL, lignes de bus et abonnements jeunes pour les \u00e9l\u00e8ves.","breadcrumb":{"@id":"https:\/\/www.groupechampagnat.fr\/ecole-st-martin\/vie-scolaire\/transports\/#breadcrumb"},"inLanguage":"fr-FR","potentialAction":[{"@type":"ReadAction","target":["https:\/\/www.groupechampagnat.fr\/ecole-st-martin\/vie-scolaire\/transports\/"]}]},{"@type":"ImageObject","inLanguage":"fr-FR","@id":"https:\/\/www.groupechampagnat.fr\/ecole-st-martin\/vie-scolaire\/transports\/#primaryimage","url":"https:\/\/www.groupechampagnat.fr\/wp-sites\/uploads\/sites\/4\/2025\/09\/Ecole-St-Martin.png","contentUrl":"https:\/\/www.groupechampagnat.fr\/wp-sites\/uploads\/sites\/4\/2025\/09\/Ecole-St-Martin.png","width":2484,"height":758},{"@type":"BreadcrumbList","@id":"https:\/\/www.groupechampagnat.fr\/ecole-st-martin\/vie-scolaire\/transports\/#breadcrumb","itemListElement":[{"@type":"ListItem","position":1,"name":"Accueil","item":"https:\/\/www.groupechampagnat.fr\/ecole-st-martin\/"},{"@type":"ListItem","position":2,"name":"Vie scolaire","item":"https:\/\/www.groupechampagnat.fr\/ecole-st-martin\/vie-scolaire\/"},{"@type":"ListItem","position":3,"name":"Transports"}]},{"@type":"WebSite","@id":"https:\/\/www.groupechampagnat.fr\/ecole-st-martin\/#website","url":"https:\/\/www.groupechampagnat.fr\/ecole-st-martin\/","name":"\u00c9cole St Martin","description":"\u00c9cole primaire du groupe Champagnat","potentialAction":[{"@type":"SearchAction","target":{"@type":"EntryPoint","urlTemplate":"https:\/\/www.groupechampagnat.fr\/ecole-st-martin\/?s={search_term_string}"},"query-input":{"@type":"PropertyValueSpecification","valueRequired":true,"valueName":"search_term_string"}}],"inLanguage":"fr-FR"}]}},"_links":{"self":[{"href":"https:\/\/www.groupechampagnat.fr\/ecole-st-martin\/wp-json\/wp\/v2\/pages\/251","targetHints":{"allow":["GET"]}}],"collection":[{"href":"https:\/\/www.groupechampagnat.fr\/ecole-st-martin\/wp-json\/wp\/v2\/pages"}],"about":[{"href":"https:\/\/www.groupechampagnat.fr\/ecole-st-martin\/wp-json\/wp\/v2\/types\/page"}],"author":[{"embeddable":true,"href":"https:\/\/www.groupechampagnat.fr\/ecole-st-martin\/wp-json\/wp\/v2\/users\/1"}],"replies":[{"embeddable":true,"href":"https:\/\/www.groupechampagnat.fr\/ecole-st-martin\/wp-json\/wp\/v2\/comments?post=251"}],"version-history":[{"count":2,"href":"https:\/\/www.groupechampagnat.fr\/ecole-st-martin\/wp-json\/wp\/v2\/pages\/251\/revisions"}],"predecessor-version":[{"id":261,"href":"https:\/\/www.groupechampagnat.fr\/ecole-st-martin\/wp-json\/wp\/v2\/pages\/251\/revisions\/261"}],"up":[{"embeddable":true,"href":"https:\/\/www.groupechampagnat.fr\/ecole-st-martin\/wp-json\/wp\/v2\/pages\/21"}],"wp:featuredmedia":[{"embeddable":true,"href":"https:\/\/www.groupechampagnat.fr\/ecole-st-martin\/wp-json\/wp\/v2\/media\/125"}],"wp:attachment":[{"href":"https:\/\/www.groupechampagnat.fr\/ecole-st-martin\/wp-json\/wp\/v2\/media?parent=251"}],"curies":[{"name":"wp","href":"https:\/\/api.w.org\/{rel}","templated":true}]}}