{"id":2,"date":"2023-06-21T18:30:15","date_gmt":"2023-06-21T16:30:55","guid":{"rendered":"https:\/\/test.groupechampagnat.fr\/ecole-st-martin\/?page_id=2"},"modified":"2026-03-03T10:18:56","modified_gmt":"2026-03-03T09:18:56","slug":"bienvenue","status":"publish","type":"page","link":"https:\/\/www.groupechampagnat.fr\/ecole-st-martin\/","title":{"rendered":"Bienvenue \u00e0 l&#039;\u00e9cole Saint Martin"},"content":{"rendered":"\n<p>Nous sommes heureux de vous accueillir \u00e0 l\u2019\u00e9cole Saint Martin de Savigny. Notre \u00e9tablissement est un lieu de partage, d\u2019apprentissage et d\u2019\u00e9panouissement, o\u00f9 chaque enfant est accompagn\u00e9 dans son parcours scolaire et personnel.<\/p>\n\n\n\n<p>\u00c0 travers ce site, vous pourrez d\u00e9couvrir la vie de notre \u00e9cole, nos projets, nos activit\u00e9s, ainsi que toutes les informations utiles pour les familles et les futurs \u00e9l\u00e8ves. L\u2019\u00e9quipe \u00e9ducative et l\u2019ensemble du personnel vous souhaitent une agr\u00e9able visite et restent \u00e0 votre \u00e9coute pour toute question ou suggestion.<\/p>\n\n\n\n<p>Merci de votre confiance et de votre engagement \u00e0 nos c\u00f4t\u00e9s pour le bien-\u00eatre et la r\u00e9ussite de chaque enfant.<\/p>\n\n\n\n<div class=\"wp-block-columns is-layout-flex wp-container-core-columns-is-layout-9d6595d7 wp-block-columns-is-layout-flex\">\n<div class=\"wp-block-column is-layout-flow wp-block-column-is-layout-flow\">\n<p class=\"has-text-align-center has-medium-font-size\"><strong><a href=\"https:\/\/www.groupechampagnat.fr\/ecole-st-martin\/inscription\/\">PRE-INSCRIPTION<\/a><\/strong><\/p>\n<\/div>\n\n\n\n<div class=\"wp-block-column is-layout-flow wp-block-column-is-layout-flow\">\n<p class=\"has-text-align-right\"><strong>Fanny SONNERY<\/strong><br><em>La Cheffe d\u2019\u00e9tablissement<\/em><\/p>\n<\/div>\n<\/div>\n\n\n\n<p><\/p>\n","protected":false},"excerpt":{"rendered":"<p>Nous sommes heureux de vous accueillir \u00e0 l\u2019\u00e9cole Saint Martin de Savigny. Notre \u00e9tablissement est un lieu de partage, d\u2019apprentissage et d\u2019\u00e9panouissement, o\u00f9 chaque enfant est accompagn\u00e9 dans son parcours scolaire et personnel. \u00c0 travers ce site, vous pourrez d\u00e9couvrir la vie de notre \u00e9cole, nos projets, nos activit\u00e9s, ainsi que toutes les informations utiles [&hellip;]<\/p>\n","protected":false},"author":1,"featured_media":0,"parent":0,"menu_order":0,"comment_status":"closed","ping_status":"open","template":"","meta":{"footnotes":""},"class_list":["post-2","page","type-page","status-publish","hentry"],"yoast_head":"<!-- This site is optimized with the Yoast SEO plugin v27.4 - https:\/\/yoast.com\/product\/yoast-seo-wordpress\/ -->\n<title>Bienvenue \u00e0 l&#039;\u00e9cole Saint Martin - \u00c9cole St Martin<\/title>\n<meta name=\"description\" content=\"\u00c9cole Saint Martin de Savigny : partage, apprentissage et \u00e9panouissement. D\u00e9couvrez nos projets, activit\u00e9s et infos pour les familles.\" \/>\n<meta name=\"robots\" content=\"index, follow, max-snippet:-1, max-image-preview:large, max-video-preview:-1\" \/>\n<link rel=\"canonical\" href=\"https:\/\/www.groupechampagnat.fr\/ecole-st-martin\/\" \/>\n<meta property=\"og:locale\" content=\"fr_FR\" \/>\n<meta property=\"og:type\" content=\"article\" \/>\n<meta property=\"og:title\" content=\"Bienvenue \u00e0 l&#039;\u00e9cole Saint Martin - \u00c9cole St Martin\" \/>\n<meta property=\"og:description\" content=\"\u00c9cole Saint Martin de Savigny : partage, apprentissage et \u00e9panouissement. D\u00e9couvrez nos projets, activit\u00e9s et infos pour les familles.\" \/>\n<meta property=\"og:url\" content=\"https:\/\/www.groupechampagnat.fr\/ecole-st-martin\/\" \/>\n<meta property=\"og:site_name\" content=\"\u00c9cole St Martin\" \/>\n<meta property=\"article:modified_time\" content=\"2026-03-03T09:18:56+00:00\" \/>\n<meta name=\"twitter:card\" content=\"summary_large_image\" \/>\n<meta name=\"twitter:label1\" content=\"Dur\u00e9e de lecture estim\u00e9e\" \/>\n\t<meta name=\"twitter:data1\" content=\"1 minute\" \/>\n<script type=\"application\/ld+json\" class=\"yoast-schema-graph\">{\"@context\":\"https:\\\/\\\/schema.org\",\"@graph\":[{\"@type\":\"WebPage\",\"@id\":\"https:\\\/\\\/www.groupechampagnat.fr\\\/ecole-st-martin\\\/\",\"url\":\"https:\\\/\\\/www.groupechampagnat.fr\\\/ecole-st-martin\\\/\",\"name\":\"Bienvenue \u00e0 l&#039;\u00e9cole Saint Martin - \u00c9cole St Martin\",\"isPartOf\":{\"@id\":\"https:\\\/\\\/www.groupechampagnat.fr\\\/ecole-st-martin\\\/#website\"},\"datePublished\":\"2023-06-21T16:30:55+00:00\",\"dateModified\":\"2026-03-03T09:18:56+00:00\",\"description\":\"\u00c9cole Saint Martin de Savigny : partage, apprentissage et \u00e9panouissement. D\u00e9couvrez nos projets, activit\u00e9s et infos pour les familles.\",\"breadcrumb\":{\"@id\":\"https:\\\/\\\/www.groupechampagnat.fr\\\/ecole-st-martin\\\/#breadcrumb\"},\"inLanguage\":\"fr-FR\",\"potentialAction\":[{\"@type\":\"ReadAction\",\"target\":[\"https:\\\/\\\/www.groupechampagnat.fr\\\/ecole-st-martin\\\/\"]}]},{\"@type\":\"BreadcrumbList\",\"@id\":\"https:\\\/\\\/www.groupechampagnat.fr\\\/ecole-st-martin\\\/#breadcrumb\",\"itemListElement\":[{\"@type\":\"ListItem\",\"position\":1,\"name\":\"Accueil\",\"item\":\"https:\\\/\\\/www.groupechampagnat.fr\\\/ecole-st-martin\\\/\"},{\"@type\":\"ListItem\",\"position\":2,\"name\":\"Bienvenue \u00e0 l&#039;\u00e9cole Saint Martin\"}]},{\"@type\":\"WebSite\",\"@id\":\"https:\\\/\\\/www.groupechampagnat.fr\\\/ecole-st-martin\\\/#website\",\"url\":\"https:\\\/\\\/www.groupechampagnat.fr\\\/ecole-st-martin\\\/\",\"name\":\"\u00c9cole St Martin\",\"description\":\"\u00c9cole primaire du groupe Champagnat\",\"potentialAction\":[{\"@type\":\"SearchAction\",\"target\":{\"@type\":\"EntryPoint\",\"urlTemplate\":\"https:\\\/\\\/www.groupechampagnat.fr\\\/ecole-st-martin\\\/?s={search_term_string}\"},\"query-input\":{\"@type\":\"PropertyValueSpecification\",\"valueRequired\":true,\"valueName\":\"search_term_string\"}}],\"inLanguage\":\"fr-FR\"}]}<\/script>\n<!-- \/ Yoast SEO plugin. -->","yoast_head_json":{"title":"Bienvenue \u00e0 l&#039;\u00e9cole Saint Martin - \u00c9cole St Martin","description":"\u00c9cole Saint Martin de Savigny : partage, apprentissage et \u00e9panouissement. D\u00e9couvrez nos projets, activit\u00e9s et infos pour les familles.","robots":{"index":"index","follow":"follow","max-snippet":"max-snippet:-1","max-image-preview":"max-image-preview:large","max-video-preview":"max-video-preview:-1"},"canonical":"https:\/\/www.groupechampagnat.fr\/ecole-st-martin\/","og_locale":"fr_FR","og_type":"article","og_title":"Bienvenue \u00e0 l&#039;\u00e9cole Saint Martin - \u00c9cole St Martin","og_description":"\u00c9cole Saint Martin de Savigny : partage, apprentissage et \u00e9panouissement. D\u00e9couvrez nos projets, activit\u00e9s et infos pour les familles.","og_url":"https:\/\/www.groupechampagnat.fr\/ecole-st-martin\/","og_site_name":"\u00c9cole St Martin","article_modified_time":"2026-03-03T09:18:56+00:00","twitter_card":"summary_large_image","twitter_misc":{"Dur\u00e9e de lecture estim\u00e9e":"1 minute"},"schema":{"@context":"https:\/\/schema.org","@graph":[{"@type":"WebPage","@id":"https:\/\/www.groupechampagnat.fr\/ecole-st-martin\/","url":"https:\/\/www.groupechampagnat.fr\/ecole-st-martin\/","name":"Bienvenue \u00e0 l&#039;\u00e9cole Saint Martin - \u00c9cole St Martin","isPartOf":{"@id":"https:\/\/www.groupechampagnat.fr\/ecole-st-martin\/#website"},"datePublished":"2023-06-21T16:30:55+00:00","dateModified":"2026-03-03T09:18:56+00:00","description":"\u00c9cole Saint Martin de Savigny : partage, apprentissage et \u00e9panouissement. D\u00e9couvrez nos projets, activit\u00e9s et infos pour les familles.","breadcrumb":{"@id":"https:\/\/www.groupechampagnat.fr\/ecole-st-martin\/#breadcrumb"},"inLanguage":"fr-FR","potentialAction":[{"@type":"ReadAction","target":["https:\/\/www.groupechampagnat.fr\/ecole-st-martin\/"]}]},{"@type":"BreadcrumbList","@id":"https:\/\/www.groupechampagnat.fr\/ecole-st-martin\/#breadcrumb","itemListElement":[{"@type":"ListItem","position":1,"name":"Accueil","item":"https:\/\/www.groupechampagnat.fr\/ecole-st-martin\/"},{"@type":"ListItem","position":2,"name":"Bienvenue \u00e0 l&#039;\u00e9cole Saint Martin"}]},{"@type":"WebSite","@id":"https:\/\/www.groupechampagnat.fr\/ecole-st-martin\/#website","url":"https:\/\/www.groupechampagnat.fr\/ecole-st-martin\/","name":"\u00c9cole St Martin","description":"\u00c9cole primaire du groupe Champagnat","potentialAction":[{"@type":"SearchAction","target":{"@type":"EntryPoint","urlTemplate":"https:\/\/www.groupechampagnat.fr\/ecole-st-martin\/?s={search_term_string}"},"query-input":{"@type":"PropertyValueSpecification","valueRequired":true,"valueName":"search_term_string"}}],"inLanguage":"fr-FR"}]}},"_links":{"self":[{"href":"https:\/\/www.groupechampagnat.fr\/ecole-st-martin\/wp-json\/wp\/v2\/pages\/2","targetHints":{"allow":["GET"]}}],"collection":[{"href":"https:\/\/www.groupechampagnat.fr\/ecole-st-martin\/wp-json\/wp\/v2\/pages"}],"about":[{"href":"https:\/\/www.groupechampagnat.fr\/ecole-st-martin\/wp-json\/wp\/v2\/types\/page"}],"author":[{"embeddable":true,"href":"https:\/\/www.groupechampagnat.fr\/ecole-st-martin\/wp-json\/wp\/v2\/users\/1"}],"replies":[{"embeddable":true,"href":"https:\/\/www.groupechampagnat.fr\/ecole-st-martin\/wp-json\/wp\/v2\/comments?post=2"}],"version-history":[{"count":11,"href":"https:\/\/www.groupechampagnat.fr\/ecole-st-martin\/wp-json\/wp\/v2\/pages\/2\/revisions"}],"predecessor-version":[{"id":315,"href":"https:\/\/www.groupechampagnat.fr\/ecole-st-martin\/wp-json\/wp\/v2\/pages\/2\/revisions\/315"}],"wp:attachment":[{"href":"https:\/\/www.groupechampagnat.fr\/ecole-st-martin\/wp-json\/wp\/v2\/media?parent=2"}],"curies":[{"name":"wp","href":"https:\/\/api.w.org\/{rel}","templated":true}]}}