{"id":57,"date":"2023-08-23T17:59:10","date_gmt":"2023-08-23T15:59:10","guid":{"rendered":"https:\/\/test.groupechampagnat.fr\/college-st-marcelin-champagnat\/reglement-interieur-des-eleves\/"},"modified":"2026-01-12T15:08:00","modified_gmt":"2026-01-12T14:08:00","slug":"reglement","status":"publish","type":"page","link":"https:\/\/www.groupechampagnat.fr\/college-st-marcelin-champagnat\/vie-scolaire\/reglement\/","title":{"rendered":"R\u00e8glement int\u00e9rieur des \u00e9l\u00e8ves"},"content":{"rendered":"\n<div class=\"wp-block-columns is-layout-flex wp-container-core-columns-is-layout-9d6595d7 wp-block-columns-is-layout-flex\">\n<div class=\"wp-block-column is-layout-flow wp-block-column-is-layout-flow\" style=\"flex-basis:66.66%\">\n<p>Le Coll\u00e8ge St Marcellin Champagnat fait partie du Groupe Scolaire Champagnat, comprenant aussi l&rsquo;Ecole Ste Th\u00e9r\u00e8se \u00e0 L&rsquo;Arbresle et l&rsquo;Ecole St Martin \u00e0 Savigny. Il est un \u00c9tablissement priv\u00e9 associ\u00e9 par contrat \u00e0 l&rsquo;enseignement public au sein de l&rsquo;Education Nationale dont il re\u00e7oit les moyens d&rsquo;enseignement et en respecte les objectifs, les programmes et les directives. Son projet p\u00e9dagogique est anim\u00e9 par les valeurs communes au christianisme et aux lois de la R\u00e9publique Fran\u00e7aise.<\/p>\n\n\n\n<p>Le Groupe Scolaire est une communaut\u00e9 \u00e9ducative rassemblant des adultes (personnel de direction, d\u2019administration et de service, des enseignants, un aum\u00f4nier, des animatrices en pastorale, des \u00e9ducateurs et des parents) et des jeunes qui viennent y recevoir un enseignement, une \u00e9ducation et une formation chr\u00e9tienne.<\/p>\n\n\n\n<p>Toute vie en soci\u00e9t\u00e9 donne des droits. Elle impose \u00e9galement des devoirs. \u00c0 cet \u00e9gard, le r\u00e8glement int\u00e9rieur r\u00e9git la vie de l\u2019\u00c9tablissement.<\/p>\n\n\n\n<p>Chaque jeune a le droit \u00e0 : protection, encadrement, s\u00e9curit\u00e9, aide ou r\u00e9confort ainsi que de participer \u00e0 la vie de l\u2019\u00c9tablissement. Il a \u00e9galement le devoir de respecter les personnes, le travail, les locaux, le mat\u00e9riel et de faire preuve d\u2019une bonne attitude tant \u00e0 l\u2019int\u00e9rieur qu\u2019\u00e0 l\u2019ext\u00e9rieur de l\u2019\u00c9tablissement.<\/p>\n\n\n\n<p>L\u2019acceptation personnelle par chaque \u00e9l\u00e8ve du r\u00e8glement est indispensable \u00e0 l\u2019harmonie de la vie en groupe. Les dispositions pratiques qui font l\u2019objet du pr\u00e9sent r\u00e8glement int\u00e9rieur ont pour objectif de former des \u00e9l\u00e8ves \u00e9panouis, comp\u00e9tents, dynamiques et respectueux. Il consiste \u00e0 rappeler le savoir-\u00eatre, d\u00e9velopper et cultiver des aptitudes relationnelles et des qualit\u00e9s humaines. Il vise \u00e0 faire respecter les valeurs qui sous-tendent le projet \u00e9ducatif propre au Groupe scolaire ; le caract\u00e8re catholique qui en constitue le fondement et en inspire les activit\u00e9s ne saurait \u00eatre remis en cause.<\/p>\n<\/div>\n\n\n\n<div class=\"wp-block-column is-vertically-aligned-top is-layout-flow wp-block-column-is-layout-flow\" style=\"flex-basis:33.33%\">\n<figure class=\"wp-block-image size-full\"><img loading=\"lazy\" decoding=\"async\" width=\"550\" height=\"550\" src=\"https:\/\/www.groupechampagnat.fr\/wp-sites\/uploads\/sites\/2\/2026\/01\/reglement.png\" alt=\"\" class=\"wp-image-792\" srcset=\"https:\/\/www.groupechampagnat.fr\/wp-sites\/uploads\/sites\/2\/2026\/01\/reglement.png 550w, https:\/\/www.groupechampagnat.fr\/wp-sites\/uploads\/sites\/2\/2026\/01\/reglement-300x300.png 300w, https:\/\/www.groupechampagnat.fr\/wp-sites\/uploads\/sites\/2\/2026\/01\/reglement-150x150.png 150w\" sizes=\"auto, (max-width: 550px) 100vw, 550px\" \/><\/figure>\n\n\n\n<div class=\"wp-block-buttons is-content-justification-center is-layout-flex wp-container-core-buttons-is-layout-16018d1d wp-block-buttons-is-layout-flex\">\n<div class=\"wp-block-button\"><a class=\"wp-block-button__link has-bleu-background-color has-background has-small-font-size has-custom-font-size wp-element-button\" href=\"https:\/\/www.groupechampagnat.fr\/wp-sites\/uploads\/sites\/2\/2026\/01\/Reglement-interieur-collegien-2026-2027-1.pdf\" target=\"_blank\" rel=\"noreferrer noopener\">T\u00e9l\u00e9charger le r\u00e8glement int\u00e9rieur<\/a><\/div>\n<\/div>\n<\/div>\n<\/div>\n","protected":false},"excerpt":{"rendered":"<p>Le Coll\u00e8ge St Marcellin Champagnat fait partie du Groupe Scolaire Champagnat, comprenant aussi l&rsquo;Ecole Ste Th\u00e9r\u00e8se \u00e0 L&rsquo;Arbresle et l&rsquo;Ecole St Martin \u00e0 Savigny. Il est un \u00c9tablissement priv\u00e9 associ\u00e9 par contrat \u00e0 l&rsquo;enseignement public au sein de l&rsquo;Education Nationale dont il re\u00e7oit les moyens d&rsquo;enseignement et en respecte les objectifs, les programmes et les [&hellip;]<\/p>\n","protected":false},"author":1,"featured_media":527,"parent":155,"menu_order":0,"comment_status":"closed","ping_status":"closed","template":"","meta":{"footnotes":""},"class_list":["post-57","page","type-page","status-publish","has-post-thumbnail","hentry"],"yoast_head":"<!-- This site is optimized with the Yoast SEO plugin v27.4 - https:\/\/yoast.com\/product\/yoast-seo-wordpress\/ -->\n<title>R\u00e8glement int\u00e9rieur des \u00e9l\u00e8ves - Coll\u00e8ge St Marcellin Champagnat<\/title>\n<meta name=\"description\" content=\"D\u00e9couvrez le r\u00e8glement int\u00e9rieur du Coll\u00e8ge St Marcellin Champagnat \u00e0 L&#039;Arbresle : droits, devoirs et valeurs \u00e9ducatives pour s&#039;\u00e9panouir.\" \/>\n<meta name=\"robots\" content=\"index, follow, max-snippet:-1, max-image-preview:large, max-video-preview:-1\" \/>\n<link rel=\"canonical\" href=\"https:\/\/www.groupechampagnat.fr\/college-st-marcelin-champagnat\/vie-scolaire\/reglement\/\" \/>\n<meta property=\"og:locale\" content=\"fr_FR\" \/>\n<meta property=\"og:type\" content=\"article\" \/>\n<meta property=\"og:title\" content=\"R\u00e8glement int\u00e9rieur des \u00e9l\u00e8ves - Coll\u00e8ge St Marcellin Champagnat\" \/>\n<meta property=\"og:description\" content=\"D\u00e9couvrez le r\u00e8glement int\u00e9rieur du Coll\u00e8ge St Marcellin Champagnat \u00e0 L&#039;Arbresle : droits, devoirs et valeurs \u00e9ducatives pour s&#039;\u00e9panouir.\" \/>\n<meta property=\"og:url\" content=\"https:\/\/www.groupechampagnat.fr\/college-st-marcelin-champagnat\/vie-scolaire\/reglement\/\" \/>\n<meta property=\"og:site_name\" content=\"Coll\u00e8ge St Marcellin Champagnat\" \/>\n<meta property=\"article:modified_time\" content=\"2026-01-12T14:08:00+00:00\" \/>\n<meta property=\"og:image\" content=\"https:\/\/www.groupechampagnat.fr\/wp-sites\/uploads\/sites\/2\/2025\/11\/top_reglement.webp\" \/>\n\t<meta property=\"og:image:width\" content=\"1200\" \/>\n\t<meta property=\"og:image:height\" content=\"450\" \/>\n\t<meta property=\"og:image:type\" content=\"image\/webp\" \/>\n<meta name=\"twitter:card\" content=\"summary_large_image\" \/>\n<meta name=\"twitter:label1\" content=\"Dur\u00e9e de lecture estim\u00e9e\" \/>\n\t<meta name=\"twitter:data1\" content=\"2 minutes\" \/>\n<script type=\"application\/ld+json\" class=\"yoast-schema-graph\">{\"@context\":\"https:\\\/\\\/schema.org\",\"@graph\":[{\"@type\":\"WebPage\",\"@id\":\"https:\\\/\\\/www.groupechampagnat.fr\\\/college-st-marcelin-champagnat\\\/vie-scolaire\\\/reglement\\\/\",\"url\":\"https:\\\/\\\/www.groupechampagnat.fr\\\/college-st-marcelin-champagnat\\\/vie-scolaire\\\/reglement\\\/\",\"name\":\"R\u00e8glement int\u00e9rieur des \u00e9l\u00e8ves - Coll\u00e8ge St Marcellin Champagnat\",\"isPartOf\":{\"@id\":\"https:\\\/\\\/www.groupechampagnat.fr\\\/college-st-marcelin-champagnat\\\/#website\"},\"primaryImageOfPage\":{\"@id\":\"https:\\\/\\\/www.groupechampagnat.fr\\\/college-st-marcelin-champagnat\\\/vie-scolaire\\\/reglement\\\/#primaryimage\"},\"image\":{\"@id\":\"https:\\\/\\\/www.groupechampagnat.fr\\\/college-st-marcelin-champagnat\\\/vie-scolaire\\\/reglement\\\/#primaryimage\"},\"thumbnailUrl\":\"https:\\\/\\\/www.groupechampagnat.fr\\\/wp-sites\\\/uploads\\\/sites\\\/2\\\/2025\\\/11\\\/top_reglement.webp\",\"datePublished\":\"2023-08-23T15:59:10+00:00\",\"dateModified\":\"2026-01-12T14:08:00+00:00\",\"description\":\"D\u00e9couvrez le r\u00e8glement int\u00e9rieur du Coll\u00e8ge St Marcellin Champagnat \u00e0 L'Arbresle : droits, devoirs et valeurs \u00e9ducatives pour s'\u00e9panouir.\",\"breadcrumb\":{\"@id\":\"https:\\\/\\\/www.groupechampagnat.fr\\\/college-st-marcelin-champagnat\\\/vie-scolaire\\\/reglement\\\/#breadcrumb\"},\"inLanguage\":\"fr-FR\",\"potentialAction\":[{\"@type\":\"ReadAction\",\"target\":[\"https:\\\/\\\/www.groupechampagnat.fr\\\/college-st-marcelin-champagnat\\\/vie-scolaire\\\/reglement\\\/\"]}]},{\"@type\":\"ImageObject\",\"inLanguage\":\"fr-FR\",\"@id\":\"https:\\\/\\\/www.groupechampagnat.fr\\\/college-st-marcelin-champagnat\\\/vie-scolaire\\\/reglement\\\/#primaryimage\",\"url\":\"https:\\\/\\\/www.groupechampagnat.fr\\\/wp-sites\\\/uploads\\\/sites\\\/2\\\/2025\\\/11\\\/top_reglement.webp\",\"contentUrl\":\"https:\\\/\\\/www.groupechampagnat.fr\\\/wp-sites\\\/uploads\\\/sites\\\/2\\\/2025\\\/11\\\/top_reglement.webp\",\"width\":1200,\"height\":450},{\"@type\":\"BreadcrumbList\",\"@id\":\"https:\\\/\\\/www.groupechampagnat.fr\\\/college-st-marcelin-champagnat\\\/vie-scolaire\\\/reglement\\\/#breadcrumb\",\"itemListElement\":[{\"@type\":\"ListItem\",\"position\":1,\"name\":\"Accueil\",\"item\":\"https:\\\/\\\/www.groupechampagnat.fr\\\/college-st-marcelin-champagnat\\\/\"},{\"@type\":\"ListItem\",\"position\":2,\"name\":\"Vie scolaire\",\"item\":\"https:\\\/\\\/www.groupechampagnat.fr\\\/college-st-marcelin-champagnat\\\/vie-scolaire\\\/\"},{\"@type\":\"ListItem\",\"position\":3,\"name\":\"R\u00e8glement int\u00e9rieur des \u00e9l\u00e8ves\"}]},{\"@type\":\"WebSite\",\"@id\":\"https:\\\/\\\/www.groupechampagnat.fr\\\/college-st-marcelin-champagnat\\\/#website\",\"url\":\"https:\\\/\\\/www.groupechampagnat.fr\\\/college-st-marcelin-champagnat\\\/\",\"name\":\"Coll\u00e8ge St Marcellin Champagnat\",\"description\":\"\",\"potentialAction\":[{\"@type\":\"SearchAction\",\"target\":{\"@type\":\"EntryPoint\",\"urlTemplate\":\"https:\\\/\\\/www.groupechampagnat.fr\\\/college-st-marcelin-champagnat\\\/?s={search_term_string}\"},\"query-input\":{\"@type\":\"PropertyValueSpecification\",\"valueRequired\":true,\"valueName\":\"search_term_string\"}}],\"inLanguage\":\"fr-FR\"}]}<\/script>\n<!-- \/ Yoast SEO plugin. -->","yoast_head_json":{"title":"R\u00e8glement int\u00e9rieur des \u00e9l\u00e8ves - Coll\u00e8ge St Marcellin Champagnat","description":"D\u00e9couvrez le r\u00e8glement int\u00e9rieur du Coll\u00e8ge St Marcellin Champagnat \u00e0 L'Arbresle : droits, devoirs et valeurs \u00e9ducatives pour s'\u00e9panouir.","robots":{"index":"index","follow":"follow","max-snippet":"max-snippet:-1","max-image-preview":"max-image-preview:large","max-video-preview":"max-video-preview:-1"},"canonical":"https:\/\/www.groupechampagnat.fr\/college-st-marcelin-champagnat\/vie-scolaire\/reglement\/","og_locale":"fr_FR","og_type":"article","og_title":"R\u00e8glement int\u00e9rieur des \u00e9l\u00e8ves - Coll\u00e8ge St Marcellin Champagnat","og_description":"D\u00e9couvrez le r\u00e8glement int\u00e9rieur du Coll\u00e8ge St Marcellin Champagnat \u00e0 L'Arbresle : droits, devoirs et valeurs \u00e9ducatives pour s'\u00e9panouir.","og_url":"https:\/\/www.groupechampagnat.fr\/college-st-marcelin-champagnat\/vie-scolaire\/reglement\/","og_site_name":"Coll\u00e8ge St Marcellin Champagnat","article_modified_time":"2026-01-12T14:08:00+00:00","og_image":[{"width":1200,"height":450,"url":"https:\/\/www.groupechampagnat.fr\/wp-sites\/uploads\/sites\/2\/2025\/11\/top_reglement.webp","type":"image\/webp"}],"twitter_card":"summary_large_image","twitter_misc":{"Dur\u00e9e de lecture estim\u00e9e":"2 minutes"},"schema":{"@context":"https:\/\/schema.org","@graph":[{"@type":"WebPage","@id":"https:\/\/www.groupechampagnat.fr\/college-st-marcelin-champagnat\/vie-scolaire\/reglement\/","url":"https:\/\/www.groupechampagnat.fr\/college-st-marcelin-champagnat\/vie-scolaire\/reglement\/","name":"R\u00e8glement int\u00e9rieur des \u00e9l\u00e8ves - Coll\u00e8ge St Marcellin Champagnat","isPartOf":{"@id":"https:\/\/www.groupechampagnat.fr\/college-st-marcelin-champagnat\/#website"},"primaryImageOfPage":{"@id":"https:\/\/www.groupechampagnat.fr\/college-st-marcelin-champagnat\/vie-scolaire\/reglement\/#primaryimage"},"image":{"@id":"https:\/\/www.groupechampagnat.fr\/college-st-marcelin-champagnat\/vie-scolaire\/reglement\/#primaryimage"},"thumbnailUrl":"https:\/\/www.groupechampagnat.fr\/wp-sites\/uploads\/sites\/2\/2025\/11\/top_reglement.webp","datePublished":"2023-08-23T15:59:10+00:00","dateModified":"2026-01-12T14:08:00+00:00","description":"D\u00e9couvrez le r\u00e8glement int\u00e9rieur du Coll\u00e8ge St Marcellin Champagnat \u00e0 L'Arbresle : droits, devoirs et valeurs \u00e9ducatives pour s'\u00e9panouir.","breadcrumb":{"@id":"https:\/\/www.groupechampagnat.fr\/college-st-marcelin-champagnat\/vie-scolaire\/reglement\/#breadcrumb"},"inLanguage":"fr-FR","potentialAction":[{"@type":"ReadAction","target":["https:\/\/www.groupechampagnat.fr\/college-st-marcelin-champagnat\/vie-scolaire\/reglement\/"]}]},{"@type":"ImageObject","inLanguage":"fr-FR","@id":"https:\/\/www.groupechampagnat.fr\/college-st-marcelin-champagnat\/vie-scolaire\/reglement\/#primaryimage","url":"https:\/\/www.groupechampagnat.fr\/wp-sites\/uploads\/sites\/2\/2025\/11\/top_reglement.webp","contentUrl":"https:\/\/www.groupechampagnat.fr\/wp-sites\/uploads\/sites\/2\/2025\/11\/top_reglement.webp","width":1200,"height":450},{"@type":"BreadcrumbList","@id":"https:\/\/www.groupechampagnat.fr\/college-st-marcelin-champagnat\/vie-scolaire\/reglement\/#breadcrumb","itemListElement":[{"@type":"ListItem","position":1,"name":"Accueil","item":"https:\/\/www.groupechampagnat.fr\/college-st-marcelin-champagnat\/"},{"@type":"ListItem","position":2,"name":"Vie scolaire","item":"https:\/\/www.groupechampagnat.fr\/college-st-marcelin-champagnat\/vie-scolaire\/"},{"@type":"ListItem","position":3,"name":"R\u00e8glement int\u00e9rieur des \u00e9l\u00e8ves"}]},{"@type":"WebSite","@id":"https:\/\/www.groupechampagnat.fr\/college-st-marcelin-champagnat\/#website","url":"https:\/\/www.groupechampagnat.fr\/college-st-marcelin-champagnat\/","name":"Coll\u00e8ge St Marcellin Champagnat","description":"","potentialAction":[{"@type":"SearchAction","target":{"@type":"EntryPoint","urlTemplate":"https:\/\/www.groupechampagnat.fr\/college-st-marcelin-champagnat\/?s={search_term_string}"},"query-input":{"@type":"PropertyValueSpecification","valueRequired":true,"valueName":"search_term_string"}}],"inLanguage":"fr-FR"}]}},"_links":{"self":[{"href":"https:\/\/www.groupechampagnat.fr\/college-st-marcelin-champagnat\/wp-json\/wp\/v2\/pages\/57","targetHints":{"allow":["GET"]}}],"collection":[{"href":"https:\/\/www.groupechampagnat.fr\/college-st-marcelin-champagnat\/wp-json\/wp\/v2\/pages"}],"about":[{"href":"https:\/\/www.groupechampagnat.fr\/college-st-marcelin-champagnat\/wp-json\/wp\/v2\/types\/page"}],"author":[{"embeddable":true,"href":"https:\/\/www.groupechampagnat.fr\/college-st-marcelin-champagnat\/wp-json\/wp\/v2\/users\/1"}],"replies":[{"embeddable":true,"href":"https:\/\/www.groupechampagnat.fr\/college-st-marcelin-champagnat\/wp-json\/wp\/v2\/comments?post=57"}],"version-history":[{"count":12,"href":"https:\/\/www.groupechampagnat.fr\/college-st-marcelin-champagnat\/wp-json\/wp\/v2\/pages\/57\/revisions"}],"predecessor-version":[{"id":799,"href":"https:\/\/www.groupechampagnat.fr\/college-st-marcelin-champagnat\/wp-json\/wp\/v2\/pages\/57\/revisions\/799"}],"up":[{"embeddable":true,"href":"https:\/\/www.groupechampagnat.fr\/college-st-marcelin-champagnat\/wp-json\/wp\/v2\/pages\/155"}],"wp:featuredmedia":[{"embeddable":true,"href":"https:\/\/www.groupechampagnat.fr\/college-st-marcelin-champagnat\/wp-json\/wp\/v2\/media\/527"}],"wp:attachment":[{"href":"https:\/\/www.groupechampagnat.fr\/college-st-marcelin-champagnat\/wp-json\/wp\/v2\/media?parent=57"}],"curies":[{"name":"wp","href":"https:\/\/api.w.org\/{rel}","templated":true}]}}